Back to the "Multiple platform build/check report" |
Package 27/144 | Hostname | OS / Arch | BUILD | CHECK | BUILD BIN | ||||
ChIPXpressData 0.99.1 George Wu
| george2 | Linux (Ubuntu 12.04.1 LTS) / x86_64 | OK | OK | |||||
moscato2 | Windows Server 2008 R2 Enterprise SP1 (64-bit) / x64 | OK | [ ERROR ] | ERROR | |||||
petty | Mac OS X Leopard (10.5.8) / i386 | OK | OK | OK |
Package: ChIPXpressData |
Version: 0.99.1 |
Command: E:\biocbld\bbs-2.12-bioc\R\bin\R.exe --arch x64 CMD check --no-multiarch --no-vignettes --timings ChIPXpressData_0.99.1.tar.gz |
StartedAt: 2013-03-19 13:39:39 -0700 (Tue, 19 Mar 2013) |
EndedAt: 2013-03-19 13:50:46 -0700 (Tue, 19 Mar 2013) |
EllapsedTime: 666.7 seconds |
RetCode: 1 |
Status: ERROR |
CheckDir: ChIPXpressData.Rcheck |
Warnings: NA |
* using log directory 'E:/biocbld/bbs-2.12-data-experiment/meat/ChIPXpressData.Rcheck' * using R version 3.0.0 alpha (2013-03-09 r62188) * using platform: x86_64-w64-mingw32 (64-bit) * using session charset: ISO8859-1 * using option '--no-vignettes' * checking for file 'ChIPXpressData/DESCRIPTION' ... OK * checking extension type ... Package * this is package 'ChIPXpressData' version '0.99.1' * checking package namespace information ... OK * checking package dependencies ... ERROR Package required but not available: 'bigmemory' See the information on DESCRIPTION files in the chapter 'Creating R packages' of the 'Writing R Extensions' manual.