* checking for working pdflatex ... OK
* using log directory '/Users/biocbuild/bbs-2.4-data-experiment/meat/gcspikelite.Rcheck'
* using R version 2.9.1 Patched (2009-06-28 r48863)
* using session charset: ASCII
* using option '--no-vignettes'
* checking for file 'gcspikelite/DESCRIPTION' ... OK
* this is package 'gcspikelite' version '1.0.2'
* checking package dependencies ... OK
* checking if this is a source package ... OK
* checking whether package 'gcspikelite' can be installed ... OK
* checking package directory ... OK
* checking for portable file names ... OK
* checking for sufficient/correct file permissions ... OK
* checking DESCRIPTION meta-information ... OK
* checking top-level files ... OK
* checking index information ... OK
* checking package subdirectories ... OK
* checking R files for non-ASCII characters ... OK
* checking R files for syntax errors ... OK
* checking whether the package can be loaded ... OK
* checking whether the package can be loaded with stated dependencies ... OK
* checking for unstated dependencies in R code ... OK
* checking S3 generic/method consistency ... OK
* checking replacement functions ... OK
* checking foreign function calls ... OK
* checking R code for possible problems ... OK
* checking for missing documentation entries ... WARNING
Undocumented data sets:
targets
All user-level objects in a package should have documentation entries.
See the chapter 'Writing R documentation files' in manual 'Writing R
Extensions'.
* checking data for non-ASCII characters ... OK
WARNING: There was 1 warning, see
/Users/biocbuild/bbs-2.4-data-experiment/meat/gcspikelite.Rcheck/00check.log
for details