BioC experimental data: CHECK report for pasilla on moscato1
This page was generated on 2014-04-04 17:29:02 -0700 (Fri, 04 Apr 2014).
pasilla 0.2.19 Alejandro Reyes
Snapshot Date: 2014-04-04 06:15:32 -0700 (Fri, 04 Apr 2014) | URL: https://hedgehog.fhcrc.org/bioc-data/branches/RELEASE_2_13/experiment/pkgs/pasilla | Last Changed Rev: 2612 / Revision: 2768 | Last Changed Date: 2013-11-22 02:09:24 -0800 (Fri, 22 Nov 2013) |
| zin1 | Linux (Ubuntu 12.04.4 LTS) / x86_64 | OK | WARNINGS | |
moscato1 | Windows Server 2008 R2 Enterprise SP1 (64-bit) / x64 | OK | [ WARNINGS ] | OK |
perceval | Mac OS X Snow Leopard (10.6.8) / x86_64 | OK | WARNINGS | OK |
Summary
Package: pasilla
|
Version: 0.2.19
|
Command: rm -rf pasilla.buildbin-libdir && mkdir pasilla.buildbin-libdir && D:\biocbld\bbs-2.13-bioc\R\bin\R.exe CMD INSTALL --build --merge-multiarch --library=pasilla.buildbin-libdir pasilla_0.2.19.tar.gz >pasilla-install.out 2>&1 && D:\biocbld\bbs-2.13-bioc\R\bin\R.exe CMD check --library=pasilla.buildbin-libdir --install="check:pasilla-install.out" --force-multiarch --no-vignettes --timings pasilla_0.2.19.tar.gz && mv pasilla.buildbin-libdir/* pasilla.Rcheck/ && rmdir pasilla.buildbin-libdir
|
StartedAt: 2014-04-04 12:19:46 -0700 (Fri, 04 Apr 2014)
|
EndedAt: 2014-04-04 12:20:51 -0700 (Fri, 04 Apr 2014)
|
EllapsedTime: 64.3 seconds
|
RetCode: 0
|
Status: WARNINGS
|
CheckDir: pasilla.Rcheck
|
Warnings: 1
|
Command output
* using log directory 'D:/biocbld/bbs-2.13-data-experiment/meat/pasilla.Rcheck'
* using R version 3.0.3 (2014-03-06)
* using platform: i386-w64-mingw32 (32-bit)
* using session charset: ISO8859-1
* using option '--no-vignettes'
* checking for file 'pasilla/DESCRIPTION' ... OK
* this is package 'pasilla' version '0.2.19'
* checking package namespace information ... OK
* checking package dependencies ... OK
* checking if this is a source package ... OK
* checking if there is a namespace ... OK
* checking for hidden files and directories ... OK
* checking for portable file names ... OK
* checking whether package 'pasilla' can be installed ... OK
* checking installed package size ... NOTE
installed size is 23.4Mb
sub-directories of 1Mb or more:
extdata 22.6Mb
* checking package directory ... OK
* checking 'build' directory ... OK
* checking DESCRIPTION meta-information ... OK
* checking top-level files ... OK
* checking for left-over files ... OK
* checking index information ... OK
* checking package subdirectories ... OK
* loading checks for arch 'i386'
** checking whether the package can be loaded ... OK
** checking whether the package can be loaded with stated dependencies ... OK
** checking whether the package can be unloaded cleanly ... OK
** checking whether the namespace can be loaded with stated dependencies ... OK
** checking whether the namespace can be unloaded cleanly ... OK
* loading checks for arch 'x64'
** checking whether the package can be loaded ... OK
** checking whether the package can be loaded with stated dependencies ... OK
** checking whether the package can be unloaded cleanly ... OK
** checking whether the namespace can be loaded with stated dependencies ... OK
** checking whether the namespace can be unloaded cleanly ... OK
* checking Rd files ... OK
* checking Rd metadata ... OK
* checking Rd cross-references ... OK
* checking for missing documentation entries ... OK
* checking for code/documentation mismatches ... OK
* checking Rd \usage sections ... OK
* checking Rd contents ... OK
* checking for unstated dependencies in examples ... OK
* checking contents of 'data' directory ... OK
* checking data for non-ASCII characters ... OK
* checking data for ASCII and uncompressed saves ... WARNING
Note: significantly better compression could be obtained
by using R CMD build --resave-data
old_size new_size compress
pasillaExons.RData 59Kb 22Kb xz
pasillaGenes.RData 502Kb 105Kb xz
* checking installed files from 'inst/doc' ... OK
* checking files in 'vignettes' ... OK
* checking examples ... NONE
* checking for unstated dependencies in vignettes ... OK
* checking package vignettes in 'inst/doc' ... OK
* checking running R code from vignettes ... SKIPPED
* checking re-building of vignette outputs ... SKIPPED
* checking PDF version of manual ... OK
WARNING: There was 1 warning.
NOTE: There was 1 note.
See
'D:/biocbld/bbs-2.13-data-experiment/meat/pasilla.Rcheck/00check.log'
for details.
pasilla.Rcheck/00install.out:
install for i386
* installing *source* package 'pasilla' ...
** data
** inst
** help
*** installing help indices
** building package indices
** installing vignettes
** testing if installed package can be loaded
install for x64
* installing *source* package 'pasilla' ...
** testing if installed package can be loaded
* MD5 sums
packaged installation of 'pasilla' as pasilla_0.2.19.zip
* DONE (pasilla)