Back to the "Multiple platform build/check report"

BioC experimental data: CHECK report for HD2013SGI on george2

This page was generated on 2013-07-14 16:06:55 -0700 (Sun, 14 Jul 2013).

Package 74/156HostnameOS / ArchBUILDCHECKBUILD BIN
HD2013SGI 1.00.1
Bernd Fischer
Snapshot Date: 2013-07-14 10:15:20 -0700 (Sun, 14 Jul 2013)
URL: https://hedgehog.fhcrc.org/bioc-data/trunk/experiment/pkgs/HD2013SGI
Last Changed Rev: 2339 / Revision: 2390
Last Changed Date: 2013-05-08 04:17:45 -0700 (Wed, 08 May 2013)
george2 Linux (Ubuntu 12.04.1 LTS) / x86_64  OK [ WARNINGS ]
moscato2 Windows Server 2008 R2 Enterprise SP1 (64-bit) / x64  OK  WARNINGS  OK 
petty Mac OS X Snow Leopard (10.6.8) / x86_64  OK  WARNINGS  OK 

Summary

Package: HD2013SGI
Version: 1.00.1
Command: /home/biocbuild/bbs-2.12-bioc/R/bin/R CMD check --no-vignettes --timings HD2013SGI_1.00.1.tar.gz
StartedAt: 2013-07-14 12:59:32 -0700 (Sun, 14 Jul 2013)
EndedAt: 2013-07-14 13:06:44 -0700 (Sun, 14 Jul 2013)
EllapsedTime: 431.2 seconds
RetCode: 0
Status:  WARNINGS 
CheckDir: HD2013SGI.Rcheck
Warnings: 1

Command output

* using log directory ‘/home/biocbuild/bbs-2.12-data-experiment/meat/HD2013SGI.Rcheck’
* using R version 3.0.1 (2013-05-16)
* using platform: x86_64-unknown-linux-gnu (64-bit)
* using session charset: UTF-8
* using option ‘--no-vignettes’
* checking for file ‘HD2013SGI/DESCRIPTION’ ... OK
* checking extension type ... Package
* this is package ‘HD2013SGI’ version ‘1.00.1’
* checking package namespace information ... OK
* checking package dependencies ... OK
* checking if this is a source package ... OK
* checking if there is a namespace ... OK
* checking for hidden files and directories ... OK
* checking for portable file names ... OK
* checking for sufficient/correct file permissions ... OK
* checking whether package ‘HD2013SGI’ can be installed ... [25s/30s] OK
* checking installed package size ... NOTE
  installed size is 527.1Mb
  sub-directories of 1Mb or more:
    data  524.1Mb
    doc     1.9Mb
* checking package directory ... OK
* checking DESCRIPTION meta-information ... OK
* checking top-level files ... OK
* checking for left-over files ... OK
* checking index information ... OK
* checking package subdirectories ... OK
* checking R files for non-ASCII characters ... OK
* checking R files for syntax errors ... OK
* checking whether the package can be loaded ... OK
* checking whether the package can be loaded with stated dependencies ... OK
* checking whether the package can be unloaded cleanly ... OK
* checking whether the namespace can be loaded with stated dependencies ... OK
* checking whether the namespace can be unloaded cleanly ... OK
* checking for unstated dependencies in R code ... OK
* checking S3 generic/method consistency ... OK
* checking replacement functions ... OK
* checking foreign function calls ... OK
* checking R code for possible problems ... OK
* checking Rd files ... OK
* checking Rd metadata ... OK
* checking Rd cross-references ... OK
* checking for missing documentation entries ... OK
* checking for code/documentation mismatches ... OK
* checking Rd \usage sections ... OK
* checking Rd contents ... OK
* checking for unstated dependencies in examples ... OK
* checking contents of ‘data’ directory ... OK
* checking data for non-ASCII characters ... OK
* checking data for ASCII and uncompressed saves ... WARNING
  Warning: package needs dependence on R (>= 2.10)
* checking installed files from ‘inst/doc’ ... NOTE
The following files should probably not be installed:
  ‘Makefile’, ‘whbiocvignette.sty’
The following directories should probably not be installed:
  ‘src’

Consider the use of a .Rinstignore file: see ‘Writing R Extensions’,
or move the vignette sources from ‘inst/doc’ to ‘vignettes’.
* checking examples ... [69s/87s] OK
Examples with CPU or elapsed time > 5s
                  user system elapsed
featuresPerWell 42.967  2.164  60.545
datamatrixfull   9.613  0.472  11.532
* checking for unstated dependencies in vignettes ... OK
* checking package vignettes in ‘inst/doc’ ... OK
* checking running R code from vignettes ... SKIPPED
* checking re-building of vignettes ... SKIPPED
* checking PDF version of manual ... OK

WARNING: There was 1 warning.
NOTE: There were 2 notes.
See
  ‘/home/biocbuild/bbs-2.12-data-experiment/meat/HD2013SGI.Rcheck/00check.log’
for details.

HD2013SGI.Rcheck/00install.out:

* installing *source* package ‘HD2013SGI’ ...
** R
** data
** inst
** preparing package for lazy loading
** help
*** installing help indices
** building package indices
** installing vignettes
** testing if installed package can be loaded
* DONE (HD2013SGI)

HD2013SGI.Rcheck/HD2013SGI-Ex.timings:

nameusersystemelapsed
HD2013SGI-package0.5520.0320.660
Interactions0.0760.0120.089
QueryAnnotation0.0160.0000.016
TargetAnnotation0.0160.0040.020
datamatrix0.0520.0040.122
datamatrixfull 9.613 0.47211.532
featuresPerWell42.967 2.16460.545
mainEffects0.4520.0160.477
nrOfInteractionsPerTarget0.0160.0040.032
stabilitySelection0.0280.0000.051