Back to Multiple platform build/check report for BioC 3.13 |
|
This page was generated on 2021-10-15 15:05:41 -0400 (Fri, 15 Oct 2021).
To the developers/maintainers of the GeneAnswers package: - Please allow up to 24 hours (and sometimes 48 hours) for your latest push to git@git.bioconductor.org:packages/GeneAnswers.git to reflect on this report. See How and When does the builder pull? When will my changes propagate? here for more information. - Make sure to use the following settings in order to reproduce any error or warning you see on this page. |
Package 708/2041 | Hostname | OS / Arch | INSTALL | BUILD | CHECK | BUILD BIN | ||||||||
GeneAnswers 2.34.0 (landing page) Lei Huang
| nebbiolo1 | Linux (Ubuntu 20.04.2 LTS) / x86_64 | OK | OK | ERROR | |||||||||
tokay2 | Windows Server 2012 R2 Standard / x64 | OK | OK | TIMEOUT | OK | |||||||||
machv2 | macOS 10.14.6 Mojave / x86_64 | OK | OK | ERROR | OK | |||||||||
Package: GeneAnswers |
Version: 2.34.0 |
Command: /home/biocbuild/bbs-3.13-bioc/R/bin/R CMD check --install=check:GeneAnswers.install-out.txt --library=/home/biocbuild/bbs-3.13-bioc/R/library --no-vignettes --timings GeneAnswers_2.34.0.tar.gz |
StartedAt: 2021-10-14 09:55:55 -0400 (Thu, 14 Oct 2021) |
EndedAt: 2021-10-14 10:26:37 -0400 (Thu, 14 Oct 2021) |
EllapsedTime: 1841.2 seconds |
RetCode: 1 |
Status: ERROR |
CheckDir: GeneAnswers.Rcheck |
Warnings: NA |
############################################################################## ############################################################################## ### ### Running command: ### ### /home/biocbuild/bbs-3.13-bioc/R/bin/R CMD check --install=check:GeneAnswers.install-out.txt --library=/home/biocbuild/bbs-3.13-bioc/R/library --no-vignettes --timings GeneAnswers_2.34.0.tar.gz ### ############################################################################## ############################################################################## * using log directory ‘/home/biocbuild/bbs-3.13-bioc/meat/GeneAnswers.Rcheck’ * using R version 4.1.1 (2021-08-10) * using platform: x86_64-pc-linux-gnu (64-bit) * using session charset: UTF-8 * using option ‘--no-vignettes’ * checking for file ‘GeneAnswers/DESCRIPTION’ ... OK * checking extension type ... Package * this is package ‘GeneAnswers’ version ‘2.34.0’ * checking package namespace information ... OK * checking package dependencies ... NOTE Depends: includes the non-default packages: 'igraph', 'KEGGREST', 'RCurl', 'annotate', 'Biobase', 'XML', 'RSQLite', 'MASS', 'Heatplus', 'RColorBrewer' Adding so many packages to the search path is excessive and importing selectively is preferable. * checking if this is a source package ... OK * checking if there is a namespace ... OK * checking for hidden files and directories ... OK * checking for portable file names ... OK * checking for sufficient/correct file permissions ... OK * checking whether package ‘GeneAnswers’ can be installed ... WARNING Found the following significant warnings: Warning: replacing previous import ‘stats::decompose’ by ‘igraph::decompose’ when loading ‘GeneAnswers’ Warning: replacing previous import ‘stats::spectrum’ by ‘igraph::spectrum’ when loading ‘GeneAnswers’ See ‘/home/biocbuild/bbs-3.13-bioc/meat/GeneAnswers.Rcheck/00install.out’ for details. * checking installed package size ... NOTE installed size is 33.1Mb sub-directories of 1Mb or more: External 31.3Mb data 1.1Mb * checking package directory ... OK * checking ‘build’ directory ... OK * checking DESCRIPTION meta-information ... NOTE Package listed in more than one of Depends, Imports, Suggests, Enhances: ‘annotate’ A package should be listed in only one of these fields. * checking top-level files ... OK * checking for left-over files ... OK * checking index information ... OK * checking package subdirectories ... OK * checking R files for non-ASCII characters ... OK * checking R files for syntax errors ... OK * checking whether the package can be loaded ... OK * checking whether the package can be loaded with stated dependencies ... OK * checking whether the package can be unloaded cleanly ... OK * checking whether the namespace can be loaded with stated dependencies ... OK * checking whether the namespace can be unloaded cleanly ... OK * checking dependencies in R code ... NOTE 'library' or 'require' calls to packages already attached by Depends: ‘Biobase’ ‘Heatplus’ ‘KEGGREST’ ‘MASS’ ‘RColorBrewer’ ‘XML’ ‘igraph’ Please remove these calls from your code. 'library' or 'require' calls in package code: ‘GO.db’ ‘biomaRt’ ‘reactome.db’ Please use :: or requireNamespace() instead. See section 'Suggested packages' in the 'Writing R Extensions' manual. * checking S3 generic/method consistency ... OK * checking replacement functions ... OK * checking foreign function calls ... OK * checking R code for possible problems ... NOTE File ‘GeneAnswers/R/zzz.R’: .onLoad calls: require(Biobase) Package startup functions should not change the search path. See section ‘Good practice’ in '?.onAttach'. getHomoGeneIDs: no visible global function definition for ‘useMart’ getHomoGeneIDs: no visible global function definition for ‘getLDS’ getTotalGeneNumber: no visible global function definition for ‘count.mappedkeys’ getTotalGeneNumber: no visible global function definition for ‘toTable’ getTotalGeneNumber: no visible binding for global variable ‘reactomePATHNAME2ID’ Undefined global functions or variables: count.mappedkeys getLDS reactomePATHNAME2ID toTable useMart * checking Rd files ... OK * checking Rd metadata ... OK * checking Rd cross-references ... OK * checking for missing documentation entries ... WARNING Undocumented code objects: ‘queryKegg’ All user-level objects in a package should have documentation entries. See chapter ‘Writing R documentation files’ in the ‘Writing R Extensions’ manual. * checking for code/documentation mismatches ... OK * checking Rd \usage sections ... OK * checking Rd contents ... OK * checking for unstated dependencies in examples ... OK * checking contents of ‘data’ directory ... OK * checking data for non-ASCII characters ... OK * checking data for ASCII and uncompressed saves ... OK * checking files in ‘vignettes’ ... OK * checking examples ... ERROR Running examples in ‘GeneAnswers-Ex.R’ failed The error most likely occurred in: > base::assign(".ptime", proc.time(), pos = "CheckExEnv") > ### Name: getPATHTerms > ### Title: Get Pathway names of given KEGG IDs > ### Aliases: getPATHTerms > ### Keywords: methods > > ### ** Examples > > getPATHTerms(c('04916', '05221')) Error in names(temp) <- sapply(temp, function(x) return(x$ENTRY)) : attempt to set an attribute on NULL Calls: getPATHTerms -> lapply -> queryKegg Execution halted * checking for unstated dependencies in vignettes ... OK * checking package vignettes in ‘inst/doc’ ... OK * checking running R code from vignettes ... SKIPPED * checking re-building of vignette outputs ... SKIPPED * checking PDF version of manual ... OK * DONE Status: 1 ERROR, 2 WARNINGs, 5 NOTEs See ‘/home/biocbuild/bbs-3.13-bioc/meat/GeneAnswers.Rcheck/00check.log’ for details.
GeneAnswers.Rcheck/00install.out
############################################################################## ############################################################################## ### ### Running command: ### ### /home/biocbuild/bbs-3.13-bioc/R/bin/R CMD INSTALL GeneAnswers ### ############################################################################## ############################################################################## * installing to library ‘/home/biocbuild/bbs-3.13-bioc/R/library’ * installing *source* package ‘GeneAnswers’ ... ** using staged installation ** R ** data ** inst ** byte-compile and prepare package for lazy loading Warning: replacing previous import ‘stats::decompose’ by ‘igraph::decompose’ when loading ‘GeneAnswers’ Warning: replacing previous import ‘stats::spectrum’ by ‘igraph::spectrum’ when loading ‘GeneAnswers’ ** help *** installing help indices ** building package indices ** installing vignettes ** testing if installed package can be loaded from temporary location Warning: replacing previous import ‘stats::decompose’ by ‘igraph::decompose’ when loading ‘GeneAnswers’ Warning: replacing previous import ‘stats::spectrum’ by ‘igraph::spectrum’ when loading ‘GeneAnswers’ ** testing if installed package can be loaded from final location Warning: replacing previous import ‘stats::decompose’ by ‘igraph::decompose’ when loading ‘GeneAnswers’ Warning: replacing previous import ‘stats::spectrum’ by ‘igraph::spectrum’ when loading ‘GeneAnswers’ ** testing if installed package keeps a record of temporary installation path * DONE (GeneAnswers)
GeneAnswers.Rcheck/GeneAnswers-Ex.timings
name | user | system | elapsed | |
DO | 0.335 | 0.008 | 0.343 | |
DOLite | 0.021 | 0.004 | 0.025 | |
DOLiteTerm | 0.003 | 0.000 | 0.003 | |
DmIALite | 0.047 | 0.004 | 0.050 | |
GeneAnswers-class | 32.015 | 2.972 | 34.991 | |
GeneAnswers-package | 31.500 | 0.356 | 31.859 | |
HsIALite | 0.182 | 0.000 | 0.181 | |
MmIALite | 0.012 | 0.000 | 0.011 | |
RnIALite | 0.006 | 0.000 | 0.006 | |
buildNet | 30.466 | 0.056 | 30.526 | |
caBIO.PATHGenes | 0.001 | 0.000 | 0.000 | |
caBIO2entrez | 0 | 0 | 0 | |
categoryNet | 0 | 0 | 0 | |
chartPlots | 0.068 | 0.012 | 0.085 | |
drawTable | 200.878 | 1.963 | 605.555 | |
entrez2caBIO | 0 | 0 | 0 | |
geneAnnotationHeatmap | 0.004 | 0.000 | 0.020 | |
geneAnswersBuilder | 33.863 | 0.388 | 35.879 | |
geneAnswersChartPlots | 32.187 | 0.144 | 32.334 | |
geneAnswersConceptNet | 31.972 | 0.208 | 32.183 | |
geneAnswersConceptRelation | 33.556 | 0.164 | 33.721 | |
geneAnswersConcepts | 32.957 | 0.168 | 33.126 | |
geneAnswersHeatmap | 34.250 | 0.224 | 34.482 | |
geneAnswersHomoMapping | 29.306 | 0.248 | 29.556 | |
geneAnswersReadable | 60.956 | 0.460 | 61.712 | |
geneAnswersSort | 31.949 | 0.210 | 33.159 | |
geneConceptNet | 0 | 0 | 0 | |
getCategoryList | 0.127 | 0.023 | 0.152 | |
getCategoryTerms | 0 | 0 | 0 | |
getConceptTable | 206.111 | 3.260 | 609.334 | |
getConnectedGraph | 29.545 | 0.168 | 29.720 | |
getDOLiteTerms | 0.005 | 0.000 | 0.004 | |
getGOList | 15.129 | 0.448 | 15.589 | |
getHomoGeneIDs | 0.129 | 0.016 | 0.144 | |
getListGIF | 0.001 | 0.000 | 0.000 | |
getMultiLayerGraphIDs | 31.137 | 0.140 | 31.279 | |
getNextGOIDs | 0.198 | 0.003 | 0.201 | |
getPATHList | 4.009 | 0.004 | 9.123 | |