viper 1.10.0 Mariano J Alvarez
Snapshot Date: 2017-08-15 17:17:57 -0400 (Tue, 15 Aug 2017) | URL: https://hedgehog.fhcrc.org/bioconductor/branches/RELEASE_3_5/madman/Rpacks/viper | Last Changed Rev: 129126 / Revision: 131943 | Last Changed Date: 2017-04-24 15:25:24 -0400 (Mon, 24 Apr 2017) |
| malbec2 | Linux (Ubuntu 16.04.1 LTS) / x86_64 | OK | OK | [ WARNINGS ] | | ![UNNEEDED, same version exists in internal repository UNNEEDED, same version exists in internal repository](../120px-Blue_Light_Icon.svg.png) |
tokay2 | Windows Server 2012 R2 Standard / x64 | OK | OK | WARNINGS | OK | ![UNNEEDED, same version exists in internal repository UNNEEDED, same version exists in internal repository](../120px-Blue_Light_Icon.svg.png) |
veracruz2 | OS X 10.11.6 El Capitan / x86_64 | OK | OK | WARNINGS | OK | ![UNNEEDED, same version exists in internal repository UNNEEDED, same version exists in internal repository](../120px-Blue_Light_Icon.svg.png) |
##############################################################################
##############################################################################
###
### Running command:
###
### /home/biocbuild/bbs-3.5-bioc/R/bin/R CMD check --no-vignettes --timings viper_1.10.0.tar.gz
###
##############################################################################
##############################################################################
* using log directory ‘/home/biocbuild/bbs-3.5-bioc/meat/viper.Rcheck’
* using R version 3.4.1 (2017-06-30)
* using platform: x86_64-pc-linux-gnu (64-bit)
* using session charset: UTF-8
* using option ‘--no-vignettes’
* checking for file ‘viper/DESCRIPTION’ ... OK
* this is package ‘viper’ version ‘1.10.0’
* checking package namespace information ... OK
* checking package dependencies ... OK
* checking if this is a source package ... OK
* checking if there is a namespace ... OK
* checking for hidden files and directories ... OK
* checking for portable file names ... OK
* checking for sufficient/correct file permissions ... OK
* checking whether package ‘viper’ can be installed ... OK
* checking installed package size ... OK
* checking package directory ... OK
* checking ‘build’ directory ... OK
* checking DESCRIPTION meta-information ... NOTE
Malformed Description field: should contain one or more complete sentences.
* checking top-level files ... OK
* checking for left-over files ... OK
* checking index information ... OK
* checking package subdirectories ... OK
* checking R files for non-ASCII characters ... OK
* checking R files for syntax errors ... OK
* checking whether the package can be loaded ... OK
* checking whether the package can be loaded with stated dependencies ... OK
* checking whether the package can be unloaded cleanly ... OK
* checking whether the namespace can be loaded with stated dependencies ... OK
* checking whether the namespace can be unloaded cleanly ... OK
* checking dependencies in R code ... OK
* checking S3 generic/method consistency ... OK
* checking replacement functions ... OK
* checking foreign function calls ... OK
* checking R code for possible problems ... NOTE
TFmode1: no visible global function definition for ‘cor’
TFmode2: no visible global function definition for ‘cor’
TFscore : <anonymous>: no visible global function definition for
‘pnorm’
aREA: no visible global function definition for ‘qnorm’
aREA: no visible global function definition for ‘txtProgressBar’
aREA : <anonymous>: no visible global function definition for
‘setTxtProgressBar’
aecdf: no visible global function definition for ‘quantile’
aecdf: no visible global function definition for ‘ecdf’
aecdf: no visible global function definition for ‘knots’
aecdf: no visible global function definition for ‘lm’
aecdf: no visible global function definition for ‘approxfun’
aecdf : dnull: no visible global function definition for ‘predict’
aecdf : dnull: no visible global function definition for ‘qnorm’
aecdf1: no visible global function definition for ‘quantile’
aecdf1: no visible global function definition for ‘ecdf’
aecdf1: no visible global function definition for ‘knots’
aecdf1: no visible global function definition for ‘lm’
aecdf1: no visible global function definition for ‘predict’
aecdf1: no visible global function definition for ‘qnorm’
approxk2d: no visible binding for global variable ‘quantile’
bootstrapViper : <anonymous> : <anonymous>: no visible global function
definition for ‘qnorm’
bootstrapViper : <anonymous>: no visible global function definition for
‘txtProgressBar’
bootstrapViper : <anonymous> : <anonymous>: no visible global function
definition for ‘setTxtProgressBar’
bootstrapmsviper: no visible binding for global variable ‘median’
bootstrapmsviper: no visible global function definition for ‘pnorm’
distMode: no visible global function definition for ‘density’
groupPwea3: no visible global function definition for ‘qnorm’
groupPwea3: no visible global function definition for ‘txtProgressBar’
groupPwea3 : <anonymous>: no visible global function definition for
‘setTxtProgressBar’
groupPwea3 : <anonymous>: no visible global function definition for
‘qnorm’
groupPwea3: no visible global function definition for ‘pnorm’
msviper: no visible global function definition for ‘txtProgressBar’
msviper : <anonymous>: no visible global function definition for
‘setTxtProgressBar’
msviper: no visible global function definition for ‘pnorm’
msviperClass: no visible global function definition for ‘pnorm’
msviperCombinatorial: no visible global function definition for ‘combn’
msviperSynergy : <anonymous>: no visible global function definition for
‘qnorm’
msviperSynergy : <anonymous>: no visible global function definition for
‘quantile’
msviperSynergy : <anonymous>: no visible global function definition for
‘ecdf’
msviperSynergy : <anonymous>: no visible global function definition for
‘knots’
msviperSynergy : <anonymous>: no visible global function definition for
‘smooth.spline’
msviperSynergy : <anonymous>: no visible global function definition for
‘predict’
msviperSynergy: no visible global function definition for
‘txtProgressBar’
msviperSynergy : <anonymous>: no visible global function definition for
‘setTxtProgressBar’
plot.msviper: no visible global function definition for ‘par’
plot.msviper: no visible global function definition for ‘layout’
plot.msviper: no visible global function definition for ‘rgb2hsv’
plot.msviper: no visible global function definition for ‘col2rgb’
plot.msviper: no visible global function definition for ‘plot’
plot.msviper: no visible global function definition for ‘hsv’
plot.msviper: no visible global function definition for ‘lines’
plot.msviper: no visible global function definition for ‘smooth.spline’
plot.msviper: no visible global function definition for ‘text’
plot.msviper: no visible global function definition for ‘axis’
plot.msviper: no visible global function definition for ‘abline’
plot.msviper: no visible global function definition for ‘image’
plot.msviper: no visible global function definition for ‘box’
plot.msviper: no visible global function definition for ‘grid’
ppwea3NULLf : <anonymous> : <anonymous>: no visible global function
definition for ‘pnorm’
pwea3NULLf : <anonymous>: no visible global function definition for
‘quantile’
pwea3NULLf : <anonymous>: no visible global function definition for
‘ecdf’
pwea3NULLf : <anonymous>: no visible global function definition for
‘knots’
pwea3NULLf : <anonymous>: no visible global function definition for
‘smooth.spline’
pwea3NULLf : <anonymous> : <anonymous>: no visible global function
definition for ‘predict’
pwea3NULLf : <anonymous> : <anonymous>: no visible global function
definition for ‘qnorm’
pwea3NULLf: no visible global function definition for ‘txtProgressBar’
pwea3NULLf : <anonymous>: no visible global function definition for
‘setTxtProgressBar’
pwea3NULLgroups: no visible global function definition for ‘qnorm’
pwea3NULLgroups: no visible global function definition for
‘txtProgressBar’
pwea3NULLgroups : <anonymous>: no visible global function definition
for ‘setTxtProgressBar’
regulonDist : <anonymous>: no visible global function definition for
‘fisher.test’
scaleGroups : <anonymous>: no visible global function definition for
‘qnorm’
scaleGroups: no visible global function definition for ‘runif’
selectTFs : <anonymous>: no visible global function definition for
‘combn’
shadow: no visible global function definition for ‘combn’
shadow : <anonymous>: no visible global function definition for
‘quantile’
shadow : <anonymous>: no visible global function definition for ‘ecdf’
shadow : <anonymous>: no visible global function definition for ‘knots’
shadow : <anonymous>: no visible global function definition for
‘smooth.spline’
shadow : <anonymous>: no visible global function definition for
‘predict’
shadow: no visible global function definition for ‘txtProgressBar’
shadow : <anonymous>: no visible global function definition for
‘setTxtProgressBar’
shadowRegulon: no visible global function definition for ‘pnorm’
shadowRegulon : <anonymous>: no visible global function definition for
‘qnorm’
shadowRegulon : <anonymous>: no visible global function definition for
‘pnorm’
shadowRegulon: no visible global function definition for ‘combn’
signatureDistance: no visible global function definition for ‘qnorm’
summary.msviper: no visible global function definition for ‘p.adjust’
viper: no visible global function definition for ‘punif’
viper : <anonymous>: no visible global function definition for ‘median’
viper : <anonymous>: no visible global function definition for ‘mad’
viper : <anonymous>: no visible global function definition for
‘txtProgressBar’
viper : <anonymous> : <anonymous>: no visible global function
definition for ‘setTxtProgressBar’
viperRPT : <anonymous>: no visible global function definition for
‘residuals’
viperRPT : <anonymous>: no visible global function definition for ‘lm’
viperRPT : <anonymous>: no visible global function definition for
‘smooth.spline’
viperSimilarity: no visible global function definition for ‘qnorm’
bootstrapTtest,matrix : <anonymous>: no visible global function
definition for ‘qnorm’
bootstrapTtest,matrix : <anonymous>: no visible global function
definition for ‘pt’
bootstrapTtest,matrix: no visible global function definition for
‘txtProgressBar’
bootstrapTtest,matrix : <anonymous>: no visible global function
definition for ‘setTxtProgressBar’
rowTtest,matrix: no visible global function definition for ‘pt’
ttestNull,matrix : <anonymous>: no visible global function definition
for ‘qnorm’
ttestNull,matrix : <anonymous>: no visible global function definition
for ‘pt’
ttestNull,matrix: no visible global function definition for
‘txtProgressBar’
ttestNull,matrix : <anonymous>: no visible global function definition
for ‘setTxtProgressBar’
viperSignature,matrix : <anonymous>: no visible global function
definition for ‘qnorm’
viperSignature,matrix: no visible global function definition for
‘txtProgressBar’
viperSignature,matrix : <anonymous> : <anonymous>: no visible global
function definition for ‘qnorm’
viperSignature,matrix : <anonymous>: no visible global function
definition for ‘setTxtProgressBar’
viperSignature,matrix: no visible global function definition for
‘combn’
Undefined global functions or variables:
abline approxfun axis box col2rgb combn cor density ecdf fisher.test
grid hsv image knots layout lines lm mad median p.adjust par plot
pnorm predict pt punif qnorm quantile residuals rgb2hsv runif
setTxtProgressBar smooth.spline text txtProgressBar
Consider adding
importFrom("grDevices", "col2rgb", "hsv", "rgb2hsv")
importFrom("graphics", "abline", "axis", "box", "grid", "image",
"layout", "lines", "par", "plot", "text")
importFrom("stats", "approxfun", "cor", "density", "ecdf",
"fisher.test", "knots", "lm", "mad", "median", "p.adjust",
"pnorm", "predict", "pt", "punif", "qnorm", "quantile",
"residuals", "runif", "smooth.spline")
importFrom("utils", "combn", "setTxtProgressBar", "txtProgressBar")
to your NAMESPACE file.
* checking Rd files ... OK
* checking Rd metadata ... OK
* checking Rd cross-references ... OK
* checking for missing documentation entries ... OK
* checking for code/documentation mismatches ... OK
* checking Rd \usage sections ... WARNING
Undocumented arguments in documentation object 'viper'
‘mvws’
Functions with \usage entries need to have the appropriate \alias
entries, and all their arguments documented.
The \usage entries must correspond to syntactically valid R code.
See chapter ‘Writing R documentation files’ in the ‘Writing R
Extensions’ manual.
* checking Rd contents ... OK
* checking for unstated dependencies in examples ... OK
* checking installed files from ‘inst/doc’ ... OK
* checking files in ‘vignettes’ ... OK
* checking examples ... OK
Examples with CPU or elapsed time > 5s
user system elapsed
viperSignature-methods 23.364 0.032 23.425
bootstrapViper 15.472 0.376 15.858
shadow 13.508 0.008 13.526
msviperSynergy 9.540 0.012 9.561
msviperCombinatorial 9.092 0.012 9.114
viperRPT 8.808 0.024 8.838
msviper 7.912 0.032 7.952
viper 7.480 0.012 7.498
plot.msviper 7.328 0.040 7.376
ledge 5.636 0.008 5.645
bootstrapmsviper 5.432 0.000 5.440
* checking for unstated dependencies in vignettes ... OK
* checking package vignettes in ‘inst/doc’ ... OK
* checking running R code from vignettes ... SKIPPED
* checking re-building of vignette outputs ... SKIPPED
* checking PDF version of manual ... OK
* DONE
Status: 1 WARNING, 2 NOTEs
See
‘/home/biocbuild/bbs-3.5-bioc/meat/viper.Rcheck/00check.log’
for details.