Back to Workflows build report for BioC 3.20

This page was generated on 2025-02-14 16:30 -0500 (Fri, 14 Feb 2025).

HostnameOSArch (*)R versionInstalled pkgs
nebbiolo2Linux (Ubuntu 24.04.1 LTS)x86_644.4.2 (2024-10-31) -- "Pile of Leaves" 4767
palomino8Windows Server 2022 Datacenterx644.4.2 (2024-10-31 ucrt) -- "Pile of Leaves" 4502
merida1macOS 12.7.5 Montereyx86_644.4.2 (2024-10-31) -- "Pile of Leaves" 4525
Click on any hostname to see more info about the system (e.g. compilers)      (*) as reported by 'uname -p', except on Windows and Mac OS X

Package 1/30HostnameOS / ArchINSTALLBUILD
annotation 1.30.0  (landing page)
Bioconductor Package Maintainer
Snapshot Date: 2025-02-14 12:45 -0500 (Fri, 14 Feb 2025)
git_url: https://git.bioconductor.org/packages/annotation
git_branch: RELEASE_3_20
git_last_commit: e0c27c9
git_last_commit_date: 2024-10-29 10:01:57 -0500 (Tue, 29 Oct 2024)
nebbiolo2Linux (Ubuntu 24.04.1 LTS) / x86_64  OK    ERROR  
palomino8Windows Server 2022 Datacenter / x64  OK    ERROR  
merida1macOS 12.7.5 Monterey / x86_64  OK    OK  


BUILD results for annotation on palomino8

To the developers/maintainers of the annotation package:
- Use the following Renviron settings to reproduce errors and warnings.
- If 'R CMD check' started to fail recently on the Linux builder(s) over a missing dependency, add the missing dependency to 'Suggests:' in your DESCRIPTION file. See Renviron.bioc for more information.

raw results


Summary

Package: annotation
Version: 1.30.0
Command: chmod a+r annotation -R && F:\biocbuild\bbs-3.20-bioc\R\bin\R.exe CMD build --keep-empty-dirs --no-resave-data annotation
StartedAt: 2025-02-14 13:07:04 -0500 (Fri, 14 Feb 2025)
EndedAt: 2025-02-14 13:12:14 -0500 (Fri, 14 Feb 2025)
EllapsedTime: 310.6 seconds
RetCode: 1
Status:   ERROR  
PackageFile: None
PackageFileSize: NA

Command output

##############################################################################
##############################################################################
###
### Running command:
###
###   chmod a+r annotation -R && F:\biocbuild\bbs-3.20-bioc\R\bin\R.exe CMD build --keep-empty-dirs --no-resave-data annotation
###
##############################################################################
##############################################################################


* checking for file 'annotation/DESCRIPTION' ... OK
* preparing 'annotation':
* checking DESCRIPTION meta-information ... OK
* installing the package to build vignettes
* creating vignettes ... ERROR
--- re-building 'Annotating_Genomic_Ranges.Rmd' using rmarkdown
--- finished re-building 'Annotating_Genomic_Ranges.Rmd'

--- re-building 'Annotation_Resources.Rmd' using rmarkdown

Quitting from lines 774-777 [unnamed-chunk-50] (Annotation_Resources.Rmd)
Error: processing vignette 'Annotation_Resources.Rmd' failed with diagnostics:
Unable to query any Ensembl site
--- failed re-building 'Annotation_Resources.Rmd'

SUMMARY: processing the following file failed:
  'Annotation_Resources.Rmd'

Error: Vignette re-building failed.
Execution halted