RpsiXML 2.0.0 Jitao David Zhang
Snapshot Date: 2013-03-23 17:02:20 -0700 (Sat, 23 Mar 2013) | URL: https://hedgehog.fhcrc.org/bioconductor/trunk/madman/Rpacks/RpsiXML | Last Changed Rev: 70811 / Revision: 74756 | Last Changed Date: 2012-10-28 00:37:54 -0700 (Sun, 28 Oct 2012) |
| george2 | Linux (Ubuntu 12.04.1 LTS) / x86_64 | OK | OK | |
moscato2 | Windows Server 2008 R2 Enterprise SP1 (64-bit) / x64 | OK | OK | OK |
petty | Mac OS X Leopard (10.5.8) / i386 | OK | OK | OK |
pelham | Mac OS X Snow Leopard (10.6.8) / x86_64 | [ ERROR ] | skipped | skipped |
* checking for file 'RpsiXML/DESCRIPTION' ... OK
* preparing 'RpsiXML':
* checking DESCRIPTION meta-information ... OK
* installing the package to re-build vignettes
* creating vignettes ... ERROR
Loading required package: annotate
Loading required package: AnnotationDbi
Loading required package: BiocGenerics
Loading required package: parallel
Attaching package: 'BiocGenerics'
The following objects are masked from 'package:parallel':
clusterApply, clusterApplyLB, clusterCall, clusterEvalQ,
clusterExport, clusterMap, parApply, parCapply, parLapply,
parLapplyLB, parRapply, parSapply, parSapplyLB
The following object is masked from 'package:stats':
xtabs
The following objects are masked from 'package:base':
Filter, Find, Map, Position, Reduce, anyDuplicated, as.data.frame,
cbind, colnames, duplicated, eval, get, intersect, lapply, mapply,
match, mget, order, paste, pmax, pmax.int, pmin, pmin.int, rank,
rbind, rep.int, rownames, sapply, setdiff, sort, table, tapply,
union, unique, unlist
Loading required package: Biobase
Welcome to Bioconductor
Vignettes contain introductory material; view with
'browseVignettes()'. To cite Bioconductor, see
'citation("Biobase")', and for packages 'citation("pkgname")'.
Loading required package: graph
Loading required package: RBGL
Loading required package: XML
Attaching package: 'XML'
The following object is masked from 'package:graph':
addNode
Loading required package: hypergraph
Attaching package: 'hypergraph'
The following object is masked from 'package:AnnotationDbi':
head, tail
The following object is masked from 'package:utils':
head, tail
Read 398 items
Read 398 items
Error: processing vignette 'RpsiXMLApp.Rnw' failed with diagnostics:
chunk 1 (label = lib)
Error in library(ppiStats) : there is no package called 'ppiStats'
Execution halted