Back to Multiple platform build/check report for BioC 3.9 experimental data |
This page was generated on 2019-10-17 16:51:25 -0400 (Thu, 17 Oct 2019).
Package 361/371 | Hostname | OS / Arch | INSTALL | BUILD | CHECK | BUILD BIN | ||||||
waveTilingData 1.20.0 Kristof De Beuf
| malbec2 | Linux (Ubuntu 18.04.2 LTS) / x86_64 | OK | OK | [ WARNINGS ] |
Package: waveTilingData |
Version: 1.20.0 |
Command: /home/biocbuild/bbs-3.9-bioc/R/bin/R CMD check --install=check:waveTilingData.install-out.txt --library=/home/biocbuild/bbs-3.9-bioc/R/library --no-vignettes --timings waveTilingData_1.20.0.tar.gz |
StartedAt: 2019-10-17 13:55:09 -0400 (Thu, 17 Oct 2019) |
EndedAt: 2019-10-17 13:58:21 -0400 (Thu, 17 Oct 2019) |
EllapsedTime: 191.5 seconds |
RetCode: 0 |
Status: WARNINGS |
CheckDir: waveTilingData.Rcheck |
Warnings: 1 |
############################################################################## ############################################################################## ### ### Running command: ### ### /home/biocbuild/bbs-3.9-bioc/R/bin/R CMD check --install=check:waveTilingData.install-out.txt --library=/home/biocbuild/bbs-3.9-bioc/R/library --no-vignettes --timings waveTilingData_1.20.0.tar.gz ### ############################################################################## ############################################################################## * using log directory ‘/home/biocbuild/bbs-3.9-data-experiment/meat/waveTilingData.Rcheck’ * using R version 3.6.1 (2019-07-05) * using platform: x86_64-pc-linux-gnu (64-bit) * using session charset: UTF-8 * using option ‘--no-vignettes’ * checking for file ‘waveTilingData/DESCRIPTION’ ... OK * this is package ‘waveTilingData’ version ‘1.20.0’ * checking package namespace information ... OK * checking package dependencies ... OK * checking if this is a source package ... OK * checking if there is a namespace ... OK * checking for hidden files and directories ... OK * checking for portable file names ... OK * checking for sufficient/correct file permissions ... OK * checking whether package ‘waveTilingData’ can be installed ... OK * checking installed package size ... NOTE installed size is 240.9Mb sub-directories of 1Mb or more: data 240.8Mb * checking package directory ... OK * checking DESCRIPTION meta-information ... NOTE Malformed Description field: should contain one or more complete sentences. * checking top-level files ... OK * checking for left-over files ... OK * checking index information ... OK * checking package subdirectories ... OK * checking whether the package can be loaded ... OK * checking whether the package can be loaded with stated dependencies ... OK * checking whether the package can be unloaded cleanly ... OK * checking whether the namespace can be loaded with stated dependencies ... OK * checking whether the namespace can be unloaded cleanly ... OK * checking Rd files ... OK * checking Rd metadata ... OK * checking Rd cross-references ... OK * checking for missing documentation entries ... OK * checking for code/documentation mismatches ... OK * checking Rd \usage sections ... OK * checking Rd contents ... OK * checking for unstated dependencies in examples ... OK * checking contents of ‘data’ directory ... OK * checking data for non-ASCII characters ... OK * checking data for ASCII and uncompressed saves ... OK * checking examples ... WARNING Found the following significant warnings: Warning: working directory was changed to ‘/home/biocbuild/bbs-3.9-bioc/R/library/waveTilingData/data’, resetting Examples with CPU or elapsed time > 5s user system elapsed leafdev 18.259 0.536 18.794 leafdevBQ 12.423 0.460 12.882 leafdevMapAndFilterTAIR9 6.173 0.099 6.273 * checking PDF version of manual ... OK * DONE Status: 1 WARNING, 2 NOTEs See ‘/home/biocbuild/bbs-3.9-data-experiment/meat/waveTilingData.Rcheck/00check.log’ for details.
waveTilingData.Rcheck/00install.out
############################################################################## ############################################################################## ### ### Running command: ### ### /home/biocbuild/bbs-3.9-bioc/R/bin/R CMD INSTALL waveTilingData ### ############################################################################## ############################################################################## * installing to library ‘/home/biocbuild/bbs-3.9-bioc/R/library’ * installing *source* package ‘waveTilingData’ ... ** using staged installation ** data ** help *** installing help indices ** building package indices ** testing if installed package can be loaded from temporary location ** testing if installed package can be loaded from final location ** testing if installed package keeps a record of temporary installation path * DONE (waveTilingData)
waveTilingData.Rcheck/waveTilingData-Ex.timings
name | user | system | elapsed | |
leafdev | 18.259 | 0.536 | 18.794 | |
leafdevBQ | 12.423 | 0.460 | 12.882 | |
leafdevFit | 0.627 | 0.017 | 0.643 | |
leafdevInfCompare | 0.632 | 0.016 | 0.647 | |
leafdevMapAndFilterTAIR9 | 6.173 | 0.099 | 6.273 | |