Back to Build/check report for BioC 3.13 experimental data |
|
This page was generated on 2021-10-16 15:58:41 -0400 (Sat, 16 Oct 2021).
To the developers/maintainers of the hmyriB36 package: Make sure to use the following settings in order to reproduce any error or warning you see on this page. |
Package 185/406 | Hostname | OS / Arch | INSTALL | BUILD | CHECK | ||||||||
Vincent Carey
| malbec2 | Linux (Ubuntu 20.04.2 LTS) / x86_64 | ERROR | OK | ERROR | ||||||||
Package: hmyriB36 |
Version: 1.28.0 |
Command: /home/biocbuild/bbs-3.13-bioc/R/bin/R CMD check --install=check:hmyriB36.install-out.txt --library=/home/biocbuild/bbs-3.13-bioc/R/library --no-vignettes --timings hmyriB36_1.28.0.tar.gz |
StartedAt: 2021-10-16 13:24:18 -0400 (Sat, 16 Oct 2021) |
EndedAt: 2021-10-16 13:24:25 -0400 (Sat, 16 Oct 2021) |
EllapsedTime: 7.0 seconds |
RetCode: 1 |
Status: ERROR |
CheckDir: hmyriB36.Rcheck |
Warnings: NA |
############################################################################## ############################################################################## ### ### Running command: ### ### /home/biocbuild/bbs-3.13-bioc/R/bin/R CMD check --install=check:hmyriB36.install-out.txt --library=/home/biocbuild/bbs-3.13-bioc/R/library --no-vignettes --timings hmyriB36_1.28.0.tar.gz ### ############################################################################## ############################################################################## * using log directory ‘/home/biocbuild/bbs-3.13-data-experiment/meat/hmyriB36.Rcheck’ * using R version 4.1.1 (2021-08-10) * using platform: x86_64-pc-linux-gnu (64-bit) * using session charset: UTF-8 * using option ‘--no-vignettes’ * checking for file ‘hmyriB36/DESCRIPTION’ ... OK * this is package ‘hmyriB36’ version ‘1.28.0’ * checking package namespace information ... OK * checking package dependencies ... ERROR Package required but not available: ‘GGBase’ Package suggested but not available: ‘GGtools’ The suggested packages are required for a complete check. Checking can be attempted without them by setting the environment variable _R_CHECK_FORCE_SUGGESTS_ to a false value. See section ‘The DESCRIPTION file’ in the ‘Writing R Extensions’ manual. * DONE Status: 1 ERROR See ‘/home/biocbuild/bbs-3.13-data-experiment/meat/hmyriB36.Rcheck/00check.log’ for details.