Last updated on 2024-06-16 10:55:47 CEST.
Flavor | Version | Tinstall | Tcheck | Ttotal | Status | Flags |
---|---|---|---|---|---|---|
r-devel-linux-x86_64-debian-clang | 0.1.1 | 19.69 | 147.86 | 167.55 | OK | |
r-devel-linux-x86_64-debian-gcc | 0.1.1 | 14.32 | 109.47 | 123.79 | OK | |
r-devel-linux-x86_64-fedora-clang | 0.1.1 | 215.81 | NOTE | |||
r-devel-linux-x86_64-fedora-gcc | 0.1.1 | 200.27 | NOTE | |||
r-devel-windows-x86_64 | 0.1.1 | 13.00 | 105.00 | 118.00 | OK | |
r-patched-linux-x86_64 | 0.1.1 | 23.98 | 146.55 | 170.53 | OK | |
r-release-linux-x86_64 | 0.1.1 | 17.70 | 144.65 | 162.35 | OK | |
r-release-macos-arm64 | 0.1.1 | 84.00 | OK | |||
r-release-macos-x86_64 | 0.1.1 | 92.00 | OK | |||
r-release-windows-x86_64 | 0.1.1 | 14.00 | 107.00 | 121.00 | OK | |
r-oldrel-macos-arm64 | 0.1.1 | 55.00 | OK | |||
r-oldrel-macos-x86_64 | 0.1.1 | 100.00 | OK | |||
r-oldrel-windows-x86_64 | 0.1.1 | 17.00 | 127.00 | 144.00 | OK |
Version: 0.1.1
Check: dependencies in R code
Result: NOTE
Namespace in Imports field not imported from: ‘tcltk2’
All declared Imports should be used.
Flavors: r-devel-linux-x86_64-fedora-clang, r-devel-linux-x86_64-fedora-gcc