Last updated on 2024-06-16 10:55:46 CEST.
Flavor | Version | Tinstall | Tcheck | Ttotal | Status | Flags |
---|---|---|---|---|---|---|
r-devel-linux-x86_64-debian-clang | 0.1.0 | 3.50 | 42.90 | 46.40 | OK | |
r-devel-linux-x86_64-debian-gcc | 0.1.0 | 2.06 | 32.28 | 34.34 | OK | |
r-devel-linux-x86_64-fedora-clang | 0.1.0 | 46.05 | NOTE | |||
r-devel-linux-x86_64-fedora-gcc | 0.1.0 | 66.71 | NOTE | |||
r-devel-windows-x86_64 | 0.1.0 | 5.00 | 56.00 | 61.00 | OK | |
r-patched-linux-x86_64 | 0.1.0 | 3.00 | 40.43 | 43.43 | OK | |
r-release-linux-x86_64 | 0.1.0 | 2.48 | 41.81 | 44.29 | OK | |
r-release-macos-arm64 | 0.1.0 | 28.00 | OK | |||
r-release-macos-x86_64 | 0.1.0 | 40.00 | OK | |||
r-release-windows-x86_64 | 0.1.0 | 5.00 | 62.00 | 67.00 | OK | |
r-oldrel-macos-arm64 | 0.1.0 | 29.00 | OK | |||
r-oldrel-macos-x86_64 | 0.1.0 | 45.00 | OK | |||
r-oldrel-windows-x86_64 | 0.1.0 | 6.00 | 63.00 | 69.00 | OK |
Version: 0.1.0
Check: dependencies in R code
Result: NOTE
Namespaces in Imports field not imported from:
‘BBmisc’ ‘badger’
All declared Imports should be used.
Flavors: r-devel-linux-x86_64-fedora-clang, r-devel-linux-x86_64-fedora-gcc