Last updated on 2024-06-16 10:55:45 CEST.
Flavor | Version | Tinstall | Tcheck | Ttotal | Status | Flags |
---|---|---|---|---|---|---|
r-devel-linux-x86_64-debian-clang | 0.1.7 | 2.96 | 55.25 | 58.21 | NOTE | |
r-devel-linux-x86_64-debian-gcc | 0.1.7 | 2.25 | 42.12 | 44.37 | NOTE | |
r-devel-linux-x86_64-fedora-clang | 0.1.7 | 74.69 | NOTE | |||
r-devel-linux-x86_64-fedora-gcc | 0.1.7 | 72.20 | NOTE | |||
r-devel-windows-x86_64 | 0.1.7 | 4.00 | 63.00 | 67.00 | NOTE | |
r-patched-linux-x86_64 | 0.1.7 | 3.13 | 55.06 | 58.19 | NOTE | |
r-release-linux-x86_64 | 0.1.7 | 3.18 | 53.65 | 56.83 | NOTE | |
r-release-macos-arm64 | 0.1.7 | 26.00 | NOTE | |||
r-release-macos-x86_64 | 0.1.7 | 46.00 | NOTE | |||
r-release-windows-x86_64 | 0.1.7 | 4.00 | 65.00 | 69.00 | NOTE | |
r-oldrel-macos-arm64 | 0.1.7 | 35.00 | NOTE | |||
r-oldrel-macos-x86_64 | 0.1.7 | 65.00 | NOTE | |||
r-oldrel-windows-x86_64 | 0.1.7 | 5.00 | 74.00 | 79.00 | NOTE |
Version: 0.1.7
Check: package dependencies
Result: NOTE
Package suggested but not available for checking: ‘rrelaxiv’
Flavors: r-devel-linux-x86_64-debian-clang, r-devel-linux-x86_64-debian-gcc, r-devel-linux-x86_64-fedora-clang, r-devel-linux-x86_64-fedora-gcc, r-devel-windows-x86_64, r-patched-linux-x86_64, r-release-linux-x86_64, r-release-macos-arm64, r-release-macos-x86_64, r-release-windows-x86_64, r-oldrel-macos-arm64, r-oldrel-macos-x86_64, r-oldrel-windows-x86_64