Last updated on 2024-06-16 10:55:45 CEST.
Flavor | Version | Tinstall | Tcheck | Ttotal | Status | Flags |
---|---|---|---|---|---|---|
r-devel-linux-x86_64-debian-clang | 0.3 | 16.95 | 135.51 | 152.46 | NOTE | |
r-devel-linux-x86_64-debian-gcc | 0.3 | 11.87 | 99.23 | 111.10 | NOTE | |
r-devel-linux-x86_64-fedora-clang | 0.3 | 195.80 | NOTE | |||
r-devel-linux-x86_64-fedora-gcc | 0.3 | 195.87 | NOTE | |||
r-devel-windows-x86_64 | 0.3 | 14.00 | 115.00 | 129.00 | NOTE | |
r-patched-linux-x86_64 | 0.3 | 16.63 | 128.28 | 144.91 | NOTE | |
r-release-linux-x86_64 | 0.3 | 12.99 | 126.63 | 139.62 | NOTE | |
r-release-macos-arm64 | 0.3 | 55.00 | NOTE | |||
r-release-macos-x86_64 | 0.3 | 87.00 | NOTE | |||
r-release-windows-x86_64 | 0.3 | 15.00 | 118.00 | 133.00 | NOTE | |
r-oldrel-macos-arm64 | 0.3 | 62.00 | NOTE | |||
r-oldrel-macos-x86_64 | 0.3 | 107.00 | NOTE | |||
r-oldrel-windows-x86_64 | 0.3 | 18.00 | 140.00 | 158.00 | NOTE |
Version: 0.3
Check: Rd files
Result: NOTE
checkRd: (-1) tapnet-package.Rd:40: Escaped LaTeX specials: \&
Flavors: r-devel-linux-x86_64-debian-clang, r-devel-linux-x86_64-debian-gcc, r-devel-linux-x86_64-fedora-clang, r-devel-linux-x86_64-fedora-gcc, r-devel-windows-x86_64, r-patched-linux-x86_64, r-release-linux-x86_64, r-release-macos-arm64, r-release-macos-x86_64, r-release-windows-x86_64, r-oldrel-macos-arm64, r-oldrel-macos-x86_64, r-oldrel-windows-x86_64