Last updated on 2024-06-15 11:50:19 CEST.
Flavor | Version | Tinstall | Tcheck | Ttotal | Status | Flags |
---|---|---|---|---|---|---|
r-devel-linux-x86_64-debian-clang | 0.2.1 | 180.36 | 80.89 | 261.25 | OK | |
r-devel-linux-x86_64-debian-gcc | 0.2.1 | 106.50 | 54.34 | 160.84 | OK | |
r-devel-linux-x86_64-fedora-clang | 0.2.1 | 341.77 | OK | |||
r-devel-linux-x86_64-fedora-gcc | 0.2.1 | 337.23 | OK | |||
r-devel-windows-x86_64 | 0.2.1 | 113.00 | 93.00 | 206.00 | OK | |
r-patched-linux-x86_64 | 0.2.1 | 105.94 | 72.55 | 178.49 | OK | |
r-release-linux-x86_64 | 0.2.1 | 95.67 | 74.19 | 169.86 | OK | |
r-release-macos-arm64 | 0.2.1 | 66.00 | NOTE | |||
r-release-macos-x86_64 | 0.2.1 | 72.00 | NOTE | |||
r-release-windows-x86_64 | 0.2.1 | 111.00 | 97.00 | 208.00 | OK | |
r-oldrel-macos-arm64 | 0.2.1 | 78.00 | NOTE | |||
r-oldrel-macos-x86_64 | 0.2.1 | 102.00 | NOTE | |||
r-oldrel-windows-x86_64 | 0.2.1 | 141.00 | 110.00 | 251.00 | OK |
Version: 0.2.1
Check: installed package size
Result: NOTE
installed size is 6.6Mb
sub-directories of 1Mb or more:
libs 6.0Mb
Flavors: r-release-macos-arm64, r-release-macos-x86_64, r-oldrel-macos-arm64, r-oldrel-macos-x86_64