Last updated on 2024-06-04 10:55:55 CEST.
Flavor | Version | Tinstall | Tcheck | Ttotal | Status | Flags |
---|---|---|---|---|---|---|
r-devel-linux-x86_64-debian-clang | 1.8.6 | 38.47 | 212.47 | 250.94 | OK | |
r-devel-linux-x86_64-debian-gcc | 1.8.6 | 28.15 | 148.82 | 176.97 | OK | |
r-devel-linux-x86_64-fedora-clang | 1.8.6 | 321.98 | NOTE | |||
r-devel-linux-x86_64-fedora-gcc | 1.8.6 | 279.72 | OK | |||
r-devel-windows-x86_64 | 1.8.6 | 32.00 | 194.00 | 226.00 | OK | |
r-patched-linux-x86_64 | 1.8.6 | 43.66 | 202.24 | 245.90 | OK | |
r-release-linux-x86_64 | 1.8.6 | 34.34 | 194.07 | 228.41 | OK | |
r-release-macos-arm64 | 1.8.6 | 72.00 | NOTE | |||
r-release-macos-x86_64 | 1.8.6 | 229.00 | NOTE | |||
r-release-windows-x86_64 | 1.8.6 | 30.00 | 195.00 | 225.00 | OK | |
r-oldrel-macos-arm64 | 1.8.6 | 80.00 | NOTE | |||
r-oldrel-macos-x86_64 | 1.8.6 | 177.00 | NOTE | |||
r-oldrel-windows-x86_64 | 1.8.6 | 42.00 | 237.00 | 279.00 | OK |
Version: 1.8.6
Check: Rd cross-references
Result: NOTE
Undeclared package ‘tibble’ in Rd xrefs
Flavor: r-devel-linux-x86_64-fedora-clang
Version: 1.8.6
Check: installed package size
Result: NOTE
installed size is 5.1Mb
sub-directories of 1Mb or more:
R 2.1Mb
java 1.8Mb
Flavors: r-release-macos-arm64, r-release-macos-x86_64, r-oldrel-macos-arm64, r-oldrel-macos-x86_64
Version: 1.8.6
Check: package dependencies
Result: NOTE
Package suggested but not available for checking: ‘arrow’
Flavor: r-release-macos-x86_64