Last updated on 2024-06-15 11:50:19 CEST.
Flavor | Version | Tinstall | Tcheck | Ttotal | Status | Flags |
---|---|---|---|---|---|---|
r-devel-linux-x86_64-debian-clang | 2.0.5 | 6.51 | 64.11 | 70.62 | NOTE | |
r-devel-linux-x86_64-debian-gcc | 2.0.5 | 6.11 | 48.60 | 54.71 | NOTE | |
r-devel-linux-x86_64-fedora-clang | 2.0.5 | 91.57 | NOTE | |||
r-devel-linux-x86_64-fedora-gcc | 2.0.5 | 86.55 | NOTE | |||
r-devel-windows-x86_64 | 2.0.5 | 7.00 | 65.00 | 72.00 | NOTE | |
r-patched-linux-x86_64 | 2.0.5 | 11.18 | 62.62 | 73.80 | NOTE | |
r-release-linux-x86_64 | 2.0.5 | 6.20 | 62.86 | 69.06 | NOTE | |
r-release-macos-arm64 | 2.0.5 | 30.00 | NOTE | |||
r-release-macos-x86_64 | 2.0.5 | 42.00 | NOTE | |||
r-release-windows-x86_64 | 2.0.5 | 7.00 | 65.00 | 72.00 | NOTE | |
r-oldrel-macos-arm64 | 2.0.5 | 33.00 | OK | |||
r-oldrel-macos-x86_64 | 2.0.5 | 47.00 | OK | |||
r-oldrel-windows-x86_64 | 2.0.5 | 9.00 | 76.00 | 85.00 | OK |
Version: 2.0.5
Check: Rd files
Result: NOTE
checkRd: (-1) smoothtail-package.Rd:63: Lost braces
63 | Kaspar Ru{f}{i}bach (maintainer), \email{kaspar.rufibach@gmail.com} , \cr \url{http://www.kasparrufibach.ch}
| ^
checkRd: (-1) smoothtail-package.Rd:63: Lost braces
63 | Kaspar Ru{f}{i}bach (maintainer), \email{kaspar.rufibach@gmail.com} , \cr \url{http://www.kasparrufibach.ch}
| ^
Flavors: r-devel-linux-x86_64-debian-clang, r-devel-linux-x86_64-debian-gcc, r-devel-linux-x86_64-fedora-clang, r-devel-linux-x86_64-fedora-gcc, r-devel-windows-x86_64, r-patched-linux-x86_64, r-release-linux-x86_64, r-release-macos-arm64, r-release-macos-x86_64, r-release-windows-x86_64