Last updated on 2024-06-04 10:55:52 CEST.
Flavor | Version | Tinstall | Tcheck | Ttotal | Status | Flags |
---|---|---|---|---|---|---|
r-devel-linux-x86_64-debian-clang | 1.2 | 10.66 | 45.26 | 55.92 | OK | |
r-devel-linux-x86_64-debian-gcc | 1.2 | 5.67 | 34.98 | 40.65 | OK | |
r-devel-linux-x86_64-fedora-clang | 1.2 | 70.71 | NOTE | |||
r-devel-linux-x86_64-fedora-gcc | 1.2 | 69.22 | OK | |||
r-devel-windows-x86_64 | 1.2 | 6.00 | 50.00 | 56.00 | NOTE | |
r-patched-linux-x86_64 | 1.2 | 8.85 | 44.44 | 53.29 | OK | |
r-release-linux-x86_64 | 1.2 | 7.72 | 43.66 | 51.38 | OK | |
r-release-macos-arm64 | 1.2 | 29.00 | NOTE | |||
r-release-windows-x86_64 | 1.2 | 6.00 | 50.00 | 56.00 | NOTE | |
r-oldrel-macos-arm64 | 1.2 | 30.00 | NOTE | |||
r-oldrel-macos-x86_64 | 1.2 | 61.00 | NOTE | |||
r-oldrel-windows-x86_64 | 1.2 | 6.00 | 55.00 | 61.00 | NOTE |
Version: 1.2
Check: installed package size
Result: NOTE
installed size is 12.2Mb
sub-directories of 1Mb or more:
java 12.0Mb
Flavors: r-devel-linux-x86_64-fedora-clang, r-devel-windows-x86_64, r-release-macos-arm64, r-release-windows-x86_64, r-oldrel-macos-arm64, r-oldrel-macos-x86_64, r-oldrel-windows-x86_64