Last updated on 2024-06-16 09:56:14 CEST.
Flavor | Version | Tinstall | Tcheck | Ttotal | Status | Flags |
---|---|---|---|---|---|---|
r-devel-linux-x86_64-debian-clang | 1.1.1 | 3.93 | 83.79 | 87.72 | OK | |
r-devel-linux-x86_64-debian-gcc | 1.1.1 | 2.64 | 61.91 | 64.55 | OK | |
r-devel-linux-x86_64-fedora-clang | 1.1.1 | 110.94 | OK | |||
r-devel-linux-x86_64-fedora-gcc | 1.1.1 | 123.39 | OK | |||
r-devel-windows-x86_64 | 1.1.1 | 4.00 | 101.00 | 105.00 | OK | |
r-patched-linux-x86_64 | 1.1.1 | 4.53 | 79.80 | 84.33 | OK | |
r-release-linux-x86_64 | 1.1.1 | 2.82 | 79.01 | 81.83 | OK | |
r-release-macos-arm64 | 1.1.1 | 52.00 | OK | |||
r-release-macos-x86_64 | 1.1.1 | 101.00 | OK | |||
r-release-windows-x86_64 | 1.1.1 | 7.00 | 99.00 | 106.00 | OK | |
r-oldrel-macos-arm64 | 1.1.1 | 56.00 | ERROR | |||
r-oldrel-macos-x86_64 | 1.1.1 | 103.00 | ERROR | |||
r-oldrel-windows-x86_64 | 1.1.1 | 5.00 | 114.00 | 119.00 | OK |
Version: 1.1.1
Check: running R code from vignettes
Result: ERROR
Errors in running code in vignettes:
when running code in ‘remap.Rmd’
...
9 4.4 2.9 1.4 0.2 setosa
10 4.9 3.1 1.5 0.1 setosa
> R.utils::withOptions({
+ import("example.xlsx", sheet = "iris", n_max = 10, pizza = "pineapple")
+ }, rio.ignoreunusedargs = FALSE)
When sourcing ‘remap.R’:
Error: unused argument (pizza = "pineapple")
Execution halted
‘extension.Rmd’ using ‘UTF-8’... [0s/0s] OK
‘labelled.Rmd’ using ‘UTF-8’... [1s/1s] OK
‘philosophy.Rmd’ using ‘UTF-8’... [0s/0s] OK
‘remap.Rmd’ using ‘UTF-8’... failed
‘rio.Rmd’ using ‘UTF-8’... [1s/1s] OK
Flavor: r-oldrel-macos-arm64
Version: 1.1.1
Check: running R code from vignettes
Result: ERROR
Errors in running code in vignettes:
when running code in ‘remap.Rmd’
...
9 4.4 2.9 1.4 0.2 setosa
10 4.9 3.1 1.5 0.1 setosa
> R.utils::withOptions({
+ import("example.xlsx", sheet = "iris", n_max = 10, pizza = "pineapple")
+ }, rio.ignoreunusedargs = FALSE)
When sourcing ‘remap.R’:
Error: unused argument (pizza = "pineapple")
Execution halted
‘extension.Rmd’ using ‘UTF-8’... [0s/0s] OK
‘labelled.Rmd’ using ‘UTF-8’... [1s/2s] OK
‘philosophy.Rmd’ using ‘UTF-8’... [0s/0s] OK
‘remap.Rmd’ using ‘UTF-8’... failed
‘rio.Rmd’ using ‘UTF-8’... [2s/3s] OK
Flavor: r-oldrel-macos-x86_64