Last updated on 2024-06-16 09:56:14 CEST.
Flavor | Version | Tinstall | Tcheck | Ttotal | Status | Flags |
---|---|---|---|---|---|---|
r-devel-linux-x86_64-debian-clang | 0.1.4 | 4.25 | 28.94 | 33.19 | NOTE | |
r-devel-linux-x86_64-debian-gcc | 0.1.4 | 3.68 | 23.04 | 26.72 | NOTE | |
r-devel-linux-x86_64-fedora-clang | 0.1.4 | 42.16 | NOTE | |||
r-devel-linux-x86_64-fedora-gcc | 0.1.4 | 40.37 | NOTE | |||
r-devel-windows-x86_64 | 0.1.4 | 8.00 | 45.00 | 53.00 | NOTE | |
r-patched-linux-x86_64 | 0.1.4 | 3.96 | 28.18 | 32.14 | NOTE | |
r-release-linux-x86_64 | 0.1.4 | 3.96 | 27.89 | 31.85 | NOTE | |
r-release-macos-arm64 | 0.1.4 | 17.00 | NOTE | |||
r-release-macos-x86_64 | 0.1.4 | 43.00 | NOTE | |||
r-release-windows-x86_64 | 0.1.4 | 7.00 | 46.00 | 53.00 | NOTE | |
r-oldrel-macos-arm64 | 0.1.4 | 18.00 | NOTE | |||
r-oldrel-macos-x86_64 | 0.1.4 | 24.00 | NOTE | |||
r-oldrel-windows-x86_64 | 0.1.4 | 9.00 | 48.00 | 57.00 | NOTE |
Version: 0.1.4
Check: LazyData
Result: NOTE
'LazyData' is specified without a 'data' directory
Flavors: r-devel-linux-x86_64-debian-clang, r-devel-linux-x86_64-debian-gcc, r-devel-linux-x86_64-fedora-clang, r-devel-linux-x86_64-fedora-gcc, r-devel-windows-x86_64, r-patched-linux-x86_64, r-release-linux-x86_64, r-release-macos-arm64, r-release-macos-x86_64, r-release-windows-x86_64, r-oldrel-macos-arm64, r-oldrel-macos-x86_64, r-oldrel-windows-x86_64