Last updated on 2024-06-04 10:55:51 CEST.
Flavor | Version | Tinstall | Tcheck | Ttotal | Status | Flags |
---|---|---|---|---|---|---|
r-devel-linux-x86_64-debian-clang | 2024-03-04-2 | 4.50 | 48.23 | 52.73 | OK | |
r-devel-linux-x86_64-debian-gcc | 2024-03-04-2 | 2.24 | 37.91 | 40.15 | OK | |
r-devel-linux-x86_64-fedora-clang | 2024-03-04-2 | 64.07 | NOTE | |||
r-devel-linux-x86_64-fedora-gcc | 2024-03-04-2 | 61.62 | OK | |||
r-devel-windows-x86_64 | 2024-03-04-2 | 4.00 | 63.00 | 67.00 | NOTE | |
r-patched-linux-x86_64 | 2024-03-04-2 | 7.75 | 47.73 | 55.48 | OK | |
r-release-linux-x86_64 | 2024-03-04-2 | 3.79 | 47.43 | 51.22 | OK | |
r-release-macos-arm64 | 2024-03-04-2 | 28.00 | NOTE | |||
r-release-macos-x86_64 | 2024-03-04-2 | 51.00 | NOTE | |||
r-release-windows-x86_64 | 2024-03-04-2 | 3.00 | 63.00 | 66.00 | NOTE | |
r-oldrel-macos-arm64 | 2024-03-04-2 | 32.00 | NOTE | |||
r-oldrel-macos-x86_64 | 2024-03-04-2 | 44.00 | NOTE | |||
r-oldrel-windows-x86_64 | 2024-03-04-2 | 5.00 | 70.00 | 75.00 | NOTE |
Version: 2024-03-04-2
Check: installed package size
Result: NOTE
installed size is 11.0Mb
sub-directories of 1Mb or more:
data 10.8Mb
Flavors: r-devel-linux-x86_64-fedora-clang, r-devel-windows-x86_64, r-release-macos-arm64, r-release-macos-x86_64, r-release-windows-x86_64, r-oldrel-macos-arm64, r-oldrel-macos-x86_64, r-oldrel-windows-x86_64