Last updated on 2024-06-16 09:56:13 CEST.
Flavor | Version | Tinstall | Tcheck | Ttotal | Status | Flags |
---|---|---|---|---|---|---|
r-devel-linux-x86_64-debian-clang | 2.0.6 | 121.44 | 138.66 | 260.10 | OK | |
r-devel-linux-x86_64-debian-gcc | 2.0.6 | 81.70 | 101.42 | 183.12 | OK | |
r-devel-linux-x86_64-fedora-clang | 2.0.6 | 348.67 | OK | |||
r-devel-linux-x86_64-fedora-gcc | 2.0.6 | 361.44 | OK | |||
r-devel-windows-x86_64 | 2.0.6 | 89.00 | 137.00 | 226.00 | OK | |
r-patched-linux-x86_64 | 2.0.6 | 82.97 | 133.81 | 216.78 | OK | |
r-release-linux-x86_64 | 2.0.6 | 104.76 | 129.34 | 234.10 | OK | |
r-release-macos-arm64 | 2.0.6 | 88.00 | NOTE | |||
r-release-macos-x86_64 | 2.0.6 | 109.00 | NOTE | |||
r-release-windows-x86_64 | 2.0.6 | 89.00 | 138.00 | 227.00 | OK | |
r-oldrel-macos-arm64 | 2.0.6 | 92.00 | NOTE | |||
r-oldrel-macos-x86_64 | 2.0.6 | 154.00 | NOTE | |||
r-oldrel-windows-x86_64 | 2.0.6 | 109.00 | 163.00 | 272.00 | OK |
Version: 2.0.6
Check: installed package size
Result: NOTE
installed size is 6.1Mb
sub-directories of 1Mb or more:
libs 5.5Mb
Flavors: r-release-macos-arm64, r-release-macos-x86_64, r-oldrel-macos-arm64, r-oldrel-macos-x86_64