Last updated on 2024-06-16 09:56:12 CEST.
Flavor | Version | Tinstall | Tcheck | Ttotal | Status | Flags |
---|---|---|---|---|---|---|
r-devel-linux-x86_64-debian-clang | 0.3 | 3.44 | 26.09 | 29.53 | OK | |
r-devel-linux-x86_64-debian-gcc | 0.3 | 2.83 | 20.56 | 23.39 | OK | |
r-devel-linux-x86_64-fedora-clang | 0.3 | 37.45 | NOTE | |||
r-devel-linux-x86_64-fedora-gcc | 0.3 | 35.68 | NOTE | |||
r-devel-windows-x86_64 | 0.3 | 7.00 | 45.00 | 52.00 | OK | |
r-patched-linux-x86_64 | 0.3 | 3.32 | 25.01 | 28.33 | OK | |
r-release-linux-x86_64 | 0.3 | 3.16 | 25.76 | 28.92 | OK | |
r-release-macos-arm64 | 0.3 | 21.00 | OK | |||
r-release-macos-x86_64 | 0.3 | 24.00 | OK | |||
r-release-windows-x86_64 | 0.3 | 6.00 | 45.00 | 51.00 | OK | |
r-oldrel-macos-arm64 | 0.3 | 19.00 | OK | |||
r-oldrel-macos-x86_64 | 0.3 | 24.00 | OK | |||
r-oldrel-windows-x86_64 | 0.3 | 9.00 | 46.00 | 55.00 | OK |
Version: 0.3
Check: compiled code
Result: NOTE
File ‘population/libs/population.so’:
Found no calls to: ‘R_registerRoutines’, ‘R_useDynamicSymbols’
It is good practice to register native routines and to disable symbol
search.
See ‘Writing portable packages’ in the ‘Writing R Extensions’ manual.
Flavors: r-devel-linux-x86_64-fedora-clang, r-devel-linux-x86_64-fedora-gcc