Last updated on 2024-06-04 10:55:50 CEST.
Flavor | Version | Tinstall | Tcheck | Ttotal | Status | Flags |
---|---|---|---|---|---|---|
r-devel-linux-x86_64-debian-clang | 0.2.2 | 93.61 | 79.71 | 173.32 | OK | |
r-devel-linux-x86_64-debian-gcc | 0.2.2 | 72.42 | 61.93 | 134.35 | OK | |
r-devel-linux-x86_64-fedora-clang | 0.2.2 | 206.93 | OK | |||
r-devel-linux-x86_64-fedora-gcc | 0.2.2 | 260.71 | OK | |||
r-devel-windows-x86_64 | 0.2.2 | 57.00 | 93.00 | 150.00 | OK | |
r-patched-linux-x86_64 | 0.2.2 | 81.17 | 78.12 | 159.29 | OK | |
r-release-linux-x86_64 | 0.2.2 | 86.63 | 77.09 | 163.72 | OK | |
r-release-macos-arm64 | 0.2.2 | 63.00 | NOTE | |||
r-release-windows-x86_64 | 0.2.2 | 59.00 | 94.00 | 153.00 | OK | |
r-oldrel-macos-arm64 | 0.2.2 | 80.00 | NOTE | |||
r-oldrel-macos-x86_64 | 0.2.2 | 114.00 | NOTE | |||
r-oldrel-windows-x86_64 | 0.2.2 | 74.00 | 113.00 | 187.00 | OK |
Version: 0.2.2
Check: installed package size
Result: NOTE
installed size is 25.5Mb
sub-directories of 1Mb or more:
libs 25.3Mb
Flavors: r-release-macos-arm64, r-oldrel-macos-arm64, r-oldrel-macos-x86_64