Last updated on 2024-06-16 09:56:12 CEST.
Flavor | Version | Tinstall | Tcheck | Ttotal | Status | Flags |
---|---|---|---|---|---|---|
r-devel-linux-x86_64-debian-clang | 0.0.10 | 2.77 | 40.87 | 43.64 | NOTE | |
r-devel-linux-x86_64-debian-gcc | 0.0.10 | 2.59 | 32.46 | 35.05 | NOTE | |
r-devel-linux-x86_64-fedora-clang | 0.0.10 | 58.44 | NOTE | |||
r-devel-linux-x86_64-fedora-gcc | 0.0.10 | 67.18 | NOTE | |||
r-devel-windows-x86_64 | 0.0.10 | 4.00 | 70.00 | 74.00 | NOTE | |
r-patched-linux-x86_64 | 0.0.10 | 6.78 | 40.93 | 47.71 | NOTE | |
r-release-linux-x86_64 | 0.0.10 | 2.34 | 40.28 | 42.62 | NOTE | |
r-release-macos-arm64 | 0.0.10 | 29.00 | NOTE | |||
r-release-macos-x86_64 | 0.0.10 | 45.00 | NOTE | |||
r-release-windows-x86_64 | 0.0.10 | 4.00 | 74.00 | 78.00 | NOTE | |
r-oldrel-macos-arm64 | 0.0.10 | 30.00 | OK | |||
r-oldrel-macos-x86_64 | 0.0.10 | 53.00 | OK | |||
r-oldrel-windows-x86_64 | 0.0.10 | 5.00 | 71.00 | 76.00 | OK |
Version: 0.0.10
Check: Rd files
Result: NOTE
checkRd: (-1) pinp.Rd:60: Lost braces; missing escapes or markup?
60 | {current date}"}
| ^
Flavors: r-devel-linux-x86_64-debian-clang, r-devel-linux-x86_64-debian-gcc, r-devel-linux-x86_64-fedora-clang, r-devel-linux-x86_64-fedora-gcc, r-devel-windows-x86_64, r-patched-linux-x86_64, r-release-linux-x86_64, r-release-macos-arm64, r-release-macos-x86_64, r-release-windows-x86_64