Last updated on 2024-06-16 09:56:11 CEST.
Flavor | Version | Tinstall | Tcheck | Ttotal | Status | Flags |
---|---|---|---|---|---|---|
r-devel-linux-x86_64-debian-clang | 0.3.3 | 103.88 | 71.18 | 175.06 | OK | |
r-devel-linux-x86_64-debian-gcc | 0.3.3 | 68.44 | 48.63 | 117.07 | OK | |
r-devel-linux-x86_64-fedora-clang | 0.3.3 | 239.75 | OK | |||
r-devel-linux-x86_64-fedora-gcc | 0.3.3 | 261.47 | OK | |||
r-devel-windows-x86_64 | 0.3.3 | 87.00 | 95.00 | 182.00 | OK | |
r-patched-linux-x86_64 | 0.3.3 | 83.14 | 63.57 | 146.71 | OK | |
r-release-linux-x86_64 | 0.3.3 | 83.04 | 64.18 | 147.22 | OK | |
r-release-macos-arm64 | 0.3.3 | 53.00 | NOTE | |||
r-release-macos-x86_64 | 0.3.3 | 71.00 | NOTE | |||
r-release-windows-x86_64 | 0.3.3 | 89.00 | 105.00 | 194.00 | OK | |
r-oldrel-macos-arm64 | 0.3.3 | 68.00 | NOTE | |||
r-oldrel-macos-x86_64 | 0.3.3 | 95.00 | NOTE | |||
r-oldrel-windows-x86_64 | 0.3.3 | 104.00 | 112.00 | 216.00 | OK |
Version: 0.3.3
Check: installed package size
Result: NOTE
installed size is 5.7Mb
sub-directories of 1Mb or more:
libs 4.2Mb
Flavors: r-release-macos-arm64, r-release-macos-x86_64, r-oldrel-macos-arm64, r-oldrel-macos-x86_64