Last updated on 2024-06-04 10:55:49 CEST.
Flavor | Version | Tinstall | Tcheck | Ttotal | Status | Flags |
---|---|---|---|---|---|---|
r-devel-linux-x86_64-debian-clang | 0.3.0 | 53.58 | 32.13 | 85.71 | OK | |
r-devel-linux-x86_64-debian-gcc | 0.3.0 | 31.12 | 25.36 | 56.48 | OK | |
r-devel-linux-x86_64-fedora-clang | 0.3.0 | 121.12 | NOTE | |||
r-devel-linux-x86_64-fedora-gcc | 0.3.0 | 130.48 | NOTE | |||
r-devel-windows-x86_64 | 0.3.0 | 35.00 | 68.00 | 103.00 | OK | |
r-patched-linux-x86_64 | 0.3.0 | 39.71 | 32.02 | 71.73 | OK | |
r-release-linux-x86_64 | 0.3.0 | 39.55 | 32.05 | 71.60 | OK | |
r-release-macos-arm64 | 0.3.0 | 34.00 | OK | |||
r-release-windows-x86_64 | 0.3.0 | 36.00 | 65.00 | 101.00 | OK | |
r-oldrel-macos-arm64 | 0.3.0 | 37.00 | OK | |||
r-oldrel-macos-x86_64 | 0.3.0 | 61.00 | OK | |||
r-oldrel-windows-x86_64 | 0.3.0 | 34.00 | 71.00 | 105.00 | OK |
Version: 0.3.0
Check: compiled code
Result: NOTE
File ‘olctools/libs/olctools.so’:
Found no calls to: ‘R_registerRoutines’, ‘R_useDynamicSymbols’
It is good practice to register native routines and to disable symbol
search.
See ‘Writing portable packages’ in the ‘Writing R Extensions’ manual.
Flavors: r-devel-linux-x86_64-fedora-clang, r-devel-linux-x86_64-fedora-gcc