Last updated on 2024-06-15 11:50:10 CEST.
Flavor | Version | Tinstall | Tcheck | Ttotal | Status | Flags |
---|---|---|---|---|---|---|
r-devel-linux-x86_64-debian-clang | 0.5.4 | 5.22 | 66.90 | 72.12 | OK | |
r-devel-linux-x86_64-debian-gcc | 0.5.4 | 3.25 | 50.77 | 54.02 | OK | |
r-devel-linux-x86_64-fedora-clang | 0.5.4 | 93.31 | NOTE | |||
r-devel-linux-x86_64-fedora-gcc | 0.5.4 | 97.91 | NOTE | |||
r-devel-windows-x86_64 | 0.5.4 | 5.00 | 78.00 | 83.00 | OK | |
r-patched-linux-x86_64 | 0.5.4 | 5.06 | 64.84 | 69.90 | OK | |
r-release-linux-x86_64 | 0.5.4 | 4.50 | 63.88 | 68.38 | OK | |
r-release-macos-arm64 | 0.5.4 | 34.00 | OK | |||
r-release-macos-x86_64 | 0.5.4 | 53.00 | OK | |||
r-release-windows-x86_64 | 0.5.4 | 6.00 | 78.00 | 84.00 | OK | |
r-oldrel-macos-arm64 | 0.5.4 | 33.00 | OK | |||
r-oldrel-macos-x86_64 | 0.5.4 | 59.00 | OK | |||
r-oldrel-windows-x86_64 | 0.5.4 | 6.00 | 84.00 | 90.00 | OK |
Version: 0.5.4
Check: data for non-ASCII characters
Result: NOTE
Note: found 55 marked UTF-8 strings
Flavors: r-devel-linux-x86_64-fedora-clang, r-devel-linux-x86_64-fedora-gcc