Last updated on 2024-06-16 09:56:08 CEST.
Flavor | Version | Tinstall | Tcheck | Ttotal | Status | Flags |
---|---|---|---|---|---|---|
r-devel-linux-x86_64-debian-clang | 0.3.2 | 28.90 | 93.59 | 122.49 | OK | |
r-devel-linux-x86_64-debian-gcc | 0.3.2 | 21.45 | 71.10 | 92.55 | OK | |
r-devel-linux-x86_64-fedora-clang | 0.3.2 | 161.90 | OK | |||
r-devel-linux-x86_64-fedora-gcc | 0.3.2 | 154.37 | OK | |||
r-devel-windows-x86_64 | 0.3.2 | 28.00 | 125.00 | 153.00 | NOTE | |
r-patched-linux-x86_64 | 0.3.2 | 25.02 | 90.87 | 115.89 | OK | |
r-release-linux-x86_64 | 0.3.2 | 23.03 | 89.28 | 112.31 | OK | |
r-release-macos-arm64 | 0.3.2 | 52.00 | NOTE | |||
r-release-macos-x86_64 | 0.3.2 | 86.00 | NOTE | |||
r-release-windows-x86_64 | 0.3.2 | 27.00 | 122.00 | 149.00 | NOTE | |
r-oldrel-macos-arm64 | 0.3.2 | 56.00 | NOTE | |||
r-oldrel-macos-x86_64 | 0.3.2 | 139.00 | NOTE | |||
r-oldrel-windows-x86_64 | 0.3.2 | 32.00 | 137.00 | 169.00 | NOTE |
Version: 0.3.2
Check: installed package size
Result: NOTE
installed size is 5.3Mb
sub-directories of 1Mb or more:
R 4.0Mb
libs 1.0Mb
Flavors: r-devel-windows-x86_64, r-release-macos-arm64, r-release-macos-x86_64, r-release-windows-x86_64, r-oldrel-macos-arm64, r-oldrel-macos-x86_64, r-oldrel-windows-x86_64