Last updated on 2024-06-15 11:50:10 CEST.
Flavor | Version | Tinstall | Tcheck | Ttotal | Status | Flags |
---|---|---|---|---|---|---|
r-devel-linux-x86_64-debian-clang | 1.2.1 | 3.92 | 67.64 | 71.56 | OK | |
r-devel-linux-x86_64-debian-gcc | 1.2.1 | 3.56 | 47.50 | 51.06 | OK | |
r-devel-linux-x86_64-fedora-clang | 1.2.1 | 86.81 | NOTE | |||
r-devel-linux-x86_64-fedora-gcc | 1.2.1 | 81.34 | OK | |||
r-devel-windows-x86_64 | 1.2.1 | 5.00 | 70.00 | 75.00 | OK | |
r-patched-linux-x86_64 | 1.2.1 | 4.20 | 63.98 | 68.18 | OK | |
r-release-linux-x86_64 | 1.2.1 | 5.54 | 62.85 | 68.39 | OK | |
r-release-macos-arm64 | 1.2.1 | 23.00 | OK | |||
r-release-macos-x86_64 | 1.2.1 | 41.00 | OK | |||
r-release-windows-x86_64 | 1.2.1 | 5.00 | 64.00 | 69.00 | OK | |
r-oldrel-macos-arm64 | 1.2.1 | 25.00 | OK | |||
r-oldrel-macos-x86_64 | 1.2.1 | 40.00 | OK | |||
r-oldrel-windows-x86_64 | 1.2.1 | 4.00 | 75.00 | 79.00 | OK |
Version: 1.2.1
Check: Rd cross-references
Result: NOTE
Undeclared packages ‘sfsmisc’, ‘mnormt’ in Rd xrefs
Flavor: r-devel-linux-x86_64-fedora-clang