Last updated on 2024-06-15 11:50:10 CEST.
Flavor | Version | Tinstall | Tcheck | Ttotal | Status | Flags |
---|---|---|---|---|---|---|
r-devel-linux-x86_64-debian-clang | 3.0.2 | 7.45 | 47.35 | 54.80 | NOTE | |
r-devel-linux-x86_64-debian-gcc | 3.0.2 | 5.06 | 34.81 | 39.87 | NOTE | |
r-devel-linux-x86_64-fedora-clang | 3.0.2 | 67.29 | NOTE | |||
r-devel-linux-x86_64-fedora-gcc | 3.0.2 | 62.64 | NOTE | |||
r-devel-windows-x86_64 | 3.0.2 | 6.00 | 61.00 | 67.00 | NOTE | |
r-patched-linux-x86_64 | 3.0.2 | 12.14 | 46.62 | 58.76 | NOTE | |
r-release-linux-x86_64 | 3.0.2 | 3.77 | 46.46 | 50.23 | NOTE | |
r-release-macos-arm64 | 3.0.2 | 23.00 | NOTE | |||
r-release-macos-x86_64 | 3.0.2 | 33.00 | NOTE | |||
r-release-windows-x86_64 | 3.0.2 | 6.00 | 67.00 | 73.00 | NOTE | |
r-oldrel-macos-arm64 | 3.0.2 | 27.00 | OK | |||
r-oldrel-macos-x86_64 | 3.0.2 | 35.00 | OK | |||
r-oldrel-windows-x86_64 | 3.0.2 | 7.00 | 70.00 | 77.00 | OK |
Version: 3.0.2
Check: Rd files
Result: NOTE
checkRd: (-1) univ.Rd:35: Lost braces in \enumerate; meant \describe ?
checkRd: (-1) univ.Rd:36: Lost braces in \enumerate; meant \describe ?
checkRd: (-1) univ.Rd:37: Lost braces in \enumerate; meant \describe ?
checkRd: (-1) univ.Rd:38: Lost braces in \enumerate; meant \describe ?
checkRd: (-1) univ.Rd:39: Lost braces in \enumerate; meant \describe ?
checkRd: (-1) univ.Rd:40: Lost braces in \enumerate; meant \describe ?
checkRd: (-1) univ.Rd:41: Lost braces in \enumerate; meant \describe ?
checkRd: (-1) univ.Rd:42: Lost braces in \enumerate; meant \describe ?
checkRd: (-1) univ.Rd:43: Lost braces in \enumerate; meant \describe ?
checkRd: (-1) univ.Rd:44: Lost braces in \enumerate; meant \describe ?
checkRd: (-1) univ.Rd:45: Lost braces in \enumerate; meant \describe ?
checkRd: (-1) univ.Rd:46: Lost braces in \enumerate; meant \describe ?
Flavors: r-devel-linux-x86_64-debian-clang, r-devel-linux-x86_64-debian-gcc, r-devel-linux-x86_64-fedora-clang, r-devel-linux-x86_64-fedora-gcc, r-devel-windows-x86_64, r-patched-linux-x86_64, r-release-linux-x86_64, r-release-macos-arm64, r-release-macos-x86_64, r-release-windows-x86_64