Last updated on 2024-06-16 09:56:07 CEST.
Flavor | Version | Tinstall | Tcheck | Ttotal | Status | Flags |
---|---|---|---|---|---|---|
r-devel-linux-x86_64-debian-clang | 0.2.0 | 128.60 | 153.64 | 282.24 | OK | |
r-devel-linux-x86_64-debian-gcc | 0.2.0 | 104.86 | 114.89 | 219.75 | OK | |
r-devel-linux-x86_64-fedora-clang | 0.2.0 | 351.36 | NOTE | |||
r-devel-linux-x86_64-fedora-gcc | 0.2.0 | 411.13 | NOTE | |||
r-devel-windows-x86_64 | 0.2.0 | 96.00 | 164.00 | 260.00 | OK | |
r-patched-linux-x86_64 | 0.2.0 | 122.68 | 145.37 | 268.05 | OK | |
r-release-linux-x86_64 | 0.2.0 | 122.12 | 141.16 | 263.28 | OK | |
r-release-macos-arm64 | 0.2.0 | 96.00 | NOTE | |||
r-release-macos-x86_64 | 0.2.0 | 135.00 | NOTE | |||
r-release-windows-x86_64 | 0.2.0 | 96.00 | 161.00 | 257.00 | OK | |
r-oldrel-macos-arm64 | 0.2.0 | 127.00 | NOTE | |||
r-oldrel-macos-x86_64 | 0.2.0 | 257.00 | NOTE | |||
r-oldrel-windows-x86_64 | 0.2.0 | 124.00 | 193.00 | 317.00 | OK |
Version: 0.2.0
Check: dependencies in R code
Result: NOTE
Namespace in Imports field not imported from: ‘RcppProgress’
All declared Imports should be used.
Flavors: r-devel-linux-x86_64-fedora-clang, r-devel-linux-x86_64-fedora-gcc
Version: 0.2.0
Check: installed package size
Result: NOTE
installed size is 17.2Mb
sub-directories of 1Mb or more:
libs 16.8Mb
Flavors: r-release-macos-arm64, r-release-macos-x86_64, r-oldrel-macos-arm64, r-oldrel-macos-x86_64