Last updated on 2024-06-16 09:56:06 CEST.
Flavor | Version | Tinstall | Tcheck | Ttotal | Status | Flags |
---|---|---|---|---|---|---|
r-devel-linux-x86_64-debian-clang | 0.2-0 | 2.38 | 19.73 | 22.11 | OK | |
r-devel-linux-x86_64-debian-gcc | 0.2-0 | 1.91 | 15.84 | 17.75 | OK | |
r-devel-linux-x86_64-fedora-clang | 0.2-0 | 28.81 | NOTE | |||
r-devel-linux-x86_64-fedora-gcc | 0.2-0 | 27.10 | NOTE | |||
r-patched-linux-x86_64 | 0.2-0 | 1.90 | 19.37 | 21.27 | OK | |
r-release-linux-x86_64 | 0.2-0 | 2.35 | 19.67 | 22.02 | OK | |
r-release-macos-arm64 | 0.2-0 | 14.00 | OK | |||
r-release-macos-x86_64 | 0.2-0 | 22.00 | OK | |||
r-oldrel-macos-arm64 | 0.2-0 | 17.00 | OK | |||
r-oldrel-macos-x86_64 | 0.2-0 | 20.00 | OK |
Version: 0.2-0
Check: compiled code
Result: NOTE
File ‘ieeeround/libs/ieeeround.so’:
Found no calls to: ‘R_registerRoutines’, ‘R_useDynamicSymbols’
It is good practice to register native routines and to disable symbol
search.
See ‘Writing portable packages’ in the ‘Writing R Extensions’ manual.
Flavors: r-devel-linux-x86_64-fedora-clang, r-devel-linux-x86_64-fedora-gcc