Last updated on 2024-06-04 10:55:43 CEST.
Flavor | Version | Tinstall | Tcheck | Ttotal | Status | Flags |
---|---|---|---|---|---|---|
r-devel-linux-x86_64-debian-clang | 0.0.2 | 15.06 | 236.85 | 251.91 | NOTE | |
r-devel-linux-x86_64-debian-gcc | 0.0.2 | 11.13 | 162.53 | 173.66 | NOTE | |
r-devel-linux-x86_64-fedora-clang | 0.0.2 | 292.15 | NOTE | |||
r-devel-linux-x86_64-fedora-gcc | 0.0.2 | 283.83 | NOTE | |||
r-devel-windows-x86_64 | 0.0.2 | 13.00 | 159.00 | 172.00 | NOTE | |
r-patched-linux-x86_64 | 0.0.2 | 14.71 | 216.33 | 231.04 | NOTE | |
r-release-linux-x86_64 | 0.0.2 | 13.12 | 221.68 | 234.80 | NOTE | |
r-release-macos-arm64 | 0.0.2 | 70.00 | NOTE | |||
r-release-windows-x86_64 | 0.0.2 | 14.00 | 156.00 | 170.00 | NOTE | |
r-oldrel-macos-arm64 | 0.0.2 | 72.00 | NOTE | |||
r-oldrel-macos-x86_64 | 0.0.2 | 126.00 | NOTE | |||
r-oldrel-windows-x86_64 | 0.0.2 | 17.00 | 204.00 | 221.00 | NOTE |
Version: 0.0.2
Check: LazyData
Result: NOTE
'LazyData' is specified without a 'data' directory
Flavors: r-devel-linux-x86_64-debian-clang, r-devel-linux-x86_64-debian-gcc, r-devel-linux-x86_64-fedora-clang, r-devel-linux-x86_64-fedora-gcc, r-devel-windows-x86_64, r-patched-linux-x86_64, r-release-linux-x86_64, r-release-macos-arm64, r-release-windows-x86_64, r-oldrel-macos-arm64, r-oldrel-macos-x86_64, r-oldrel-windows-x86_64