Last updated on 2024-06-16 09:56:04 CEST.
Flavor | Version | Tinstall | Tcheck | Ttotal | Status | Flags |
---|---|---|---|---|---|---|
r-devel-linux-x86_64-debian-clang | 0.5.5 | 603.73 | 281.25 | 884.98 | NOTE | |
r-devel-linux-x86_64-debian-gcc | 0.5.5 | 529.71 | 243.40 | 773.11 | NOTE | |
r-devel-linux-x86_64-fedora-clang | 0.5.5 | 1074.70 | NOTE | |||
r-devel-linux-x86_64-fedora-gcc | 0.5.5 | 1485.88 | NOTE | |||
r-devel-windows-x86_64 | 0.5.5 | 462.00 | 218.00 | 680.00 | NOTE | |
r-patched-linux-x86_64 | 0.5.5 | 467.89 | 320.43 | 788.32 | NOTE | |
r-release-linux-x86_64 | 0.5.5 | 0.08 | 2.80 | 2.88 | ERROR | |
r-release-macos-arm64 | 0.5.5 | 255.00 | NOTE | |||
r-release-macos-x86_64 | 0.5.5 | 252.00 | NOTE | |||
r-release-windows-x86_64 | 0.5.5 | 461.00 | 225.00 | 686.00 | NOTE | |
r-oldrel-macos-arm64 | 0.5.5 | 262.00 | NOTE | |||
r-oldrel-macos-x86_64 | 0.5.5 | 374.00 | NOTE | |||
r-oldrel-windows-x86_64 | 0.5.5 | 619.00 | 274.00 | 893.00 | NOTE |
Version: 0.5.5
Check: Rd files
Result: NOTE
checkRd: (-1) simulate_gastempt.Rd:30: Lost braces; missing escapes or markup?
30 | \item{tempt_mean, tempt_std}{Mean and between record standard deviation of parameter $t_{empt}$, typically in minutes.}
| ^
Flavors: r-devel-linux-x86_64-debian-clang, r-devel-linux-x86_64-debian-gcc, r-devel-linux-x86_64-fedora-clang, r-devel-linux-x86_64-fedora-gcc, r-devel-windows-x86_64, r-patched-linux-x86_64, r-release-macos-arm64, r-release-macos-x86_64, r-release-windows-x86_64
Version: 0.5.5
Check: for GNU extensions in Makefiles
Result: NOTE
GNU make is a SystemRequirements.
Flavors: r-devel-linux-x86_64-debian-clang, r-devel-linux-x86_64-debian-gcc, r-devel-linux-x86_64-fedora-clang, r-devel-linux-x86_64-fedora-gcc, r-devel-windows-x86_64, r-patched-linux-x86_64, r-release-macos-arm64, r-release-macos-x86_64, r-release-windows-x86_64, r-oldrel-macos-arm64, r-oldrel-macos-x86_64, r-oldrel-windows-x86_64
Version: 0.5.5
Check: installed package size
Result: NOTE
installed size is 5.9Mb
sub-directories of 1Mb or more:
libs 5.4Mb
Flavors: r-devel-linux-x86_64-fedora-clang, r-release-macos-arm64, r-release-macos-x86_64, r-oldrel-macos-arm64, r-oldrel-macos-x86_64
Version: 0.5.5
Check: whether package can be installed
Result: ERROR
Installation failed.
Flavor: r-release-linux-x86_64