Last updated on 2024-06-15 11:50:07 CEST.
Flavor | Version | Tinstall | Tcheck | Ttotal | Status | Flags |
---|---|---|---|---|---|---|
r-devel-linux-x86_64-debian-clang | 1.1.3.7 | 4.80 | 44.98 | 49.78 | NOTE | |
r-devel-linux-x86_64-debian-gcc | 1.1.3.7 | 4.34 | 35.89 | 40.23 | NOTE | |
r-devel-linux-x86_64-fedora-clang | 1.1.3.7 | 63.34 | NOTE | |||
r-devel-linux-x86_64-fedora-gcc | 1.1.3.7 | 61.33 | NOTE | |||
r-devel-windows-x86_64 | 1.1.3.7 | 8.00 | 56.00 | 64.00 | NOTE | |
r-patched-linux-x86_64 | 1.1.3.7 | 4.64 | 44.46 | 49.10 | NOTE | |
r-release-linux-x86_64 | 1.1.3.7 | 3.96 | 43.96 | 47.92 | NOTE | |
r-release-macos-arm64 | 1.1.3.7 | 23.00 | NOTE | |||
r-release-macos-x86_64 | 1.1.3.7 | 35.00 | NOTE | |||
r-release-windows-x86_64 | 1.1.3.7 | 8.00 | 58.00 | 66.00 | NOTE | |
r-oldrel-macos-arm64 | 1.1.3.7 | 25.00 | NOTE | |||
r-oldrel-macos-x86_64 | 1.1.3.7 | 35.00 | NOTE | |||
r-oldrel-windows-x86_64 | 1.1.3.7 | 9.00 | 64.00 | 73.00 | NOTE |
Version: 1.1.3.7
Check: LazyData
Result: NOTE
'LazyData' is specified without a 'data' directory
Flavors: r-devel-linux-x86_64-debian-clang, r-devel-linux-x86_64-debian-gcc, r-devel-linux-x86_64-fedora-clang, r-devel-linux-x86_64-fedora-gcc, r-devel-windows-x86_64, r-patched-linux-x86_64, r-release-linux-x86_64, r-release-macos-arm64, r-release-macos-x86_64, r-release-windows-x86_64, r-oldrel-macos-arm64, r-oldrel-macos-x86_64, r-oldrel-windows-x86_64
Version: 1.1.3.7
Check: dependencies in R code
Result: NOTE
Namespace in Imports field not imported from: ‘grDevices’
All declared Imports should be used.
Flavors: r-devel-linux-x86_64-fedora-clang, r-devel-linux-x86_64-fedora-gcc