Last updated on 2024-06-16 09:56:05 CEST.
Flavor | Version | Tinstall | Tcheck | Ttotal | Status | Flags |
---|---|---|---|---|---|---|
r-devel-linux-x86_64-debian-clang | 0.2.0 | 8.39 | 95.01 | 103.40 | OK | |
r-devel-linux-x86_64-debian-gcc | 0.2.0 | 8.12 | 73.06 | 81.18 | OK | |
r-devel-linux-x86_64-fedora-clang | 0.2.0 | 134.54 | NOTE | |||
r-devel-linux-x86_64-fedora-gcc | 0.2.0 | 139.96 | NOTE | |||
r-devel-windows-x86_64 | 0.2.0 | 10.00 | 85.00 | 95.00 | OK | |
r-patched-linux-x86_64 | 0.2.0 | 9.34 | 92.22 | 101.56 | OK | |
r-release-linux-x86_64 | 0.2.0 | 10.03 | 92.65 | 102.68 | OK | |
r-release-macos-arm64 | 0.2.0 | 46.00 | OK | |||
r-release-macos-x86_64 | 0.2.0 | 69.00 | OK | |||
r-release-windows-x86_64 | 0.2.0 | 9.00 | 84.00 | 93.00 | OK | |
r-oldrel-macos-arm64 | 0.2.0 | 48.00 | OK | |||
r-oldrel-macos-x86_64 | 0.2.0 | 80.00 | OK | |||
r-oldrel-windows-x86_64 | 0.2.0 | 13.00 | 104.00 | 117.00 | OK |
Version: 0.2.0
Check: dependencies in R code
Result: NOTE
Namespaces in Imports field not imported from:
‘MASS’ ‘MCMCpack’ ‘ggplot2’ ‘moments’
All declared Imports should be used.
Flavors: r-devel-linux-x86_64-fedora-clang, r-devel-linux-x86_64-fedora-gcc