Last updated on 2024-06-15 11:50:05 CEST.
Flavor | Version | Tinstall | Tcheck | Ttotal | Status | Flags |
---|---|---|---|---|---|---|
r-devel-linux-x86_64-debian-clang | 0.2.4 | 101.33 | 100.64 | 201.97 | OK | |
r-devel-linux-x86_64-debian-gcc | 0.2.4 | 66.86 | 75.38 | 142.24 | OK | |
r-devel-linux-x86_64-fedora-clang | 0.2.4 | 243.30 | OK | |||
r-devel-linux-x86_64-fedora-gcc | 0.2.4 | 288.96 | OK | |||
r-devel-windows-x86_64 | 0.2.4 | 65.00 | 120.00 | 185.00 | OK | |
r-patched-linux-x86_64 | 0.2.4 | 79.51 | 100.95 | 180.46 | OK | |
r-release-linux-x86_64 | 0.2.4 | 61.48 | 101.23 | 162.71 | OK | |
r-release-macos-arm64 | 0.2.4 | 85.00 | NOTE | |||
r-release-macos-x86_64 | 0.2.4 | 128.00 | NOTE | |||
r-release-windows-x86_64 | 0.2.4 | 71.00 | 124.00 | 195.00 | OK | |
r-oldrel-macos-arm64 | 0.2.4 | 79.00 | NOTE | |||
r-oldrel-macos-x86_64 | 0.2.4 | 267.00 | NOTE | |||
r-oldrel-windows-x86_64 | 0.2.4 | 84.00 | 152.00 | 236.00 | OK |
Version: 0.2.4
Check: installed package size
Result: NOTE
installed size is 13.5Mb
sub-directories of 1Mb or more:
doc 1.3Mb
libs 11.7Mb
Flavors: r-release-macos-arm64, r-release-macos-x86_64, r-oldrel-macos-arm64, r-oldrel-macos-x86_64