Last updated on 2024-06-16 09:56:02 CEST.
Flavor | Version | Tinstall | Tcheck | Ttotal | Status | Flags |
---|---|---|---|---|---|---|
r-devel-linux-x86_64-debian-clang | 0.10-0 | 84.81 | 132.23 | 217.04 | OK | |
r-devel-linux-x86_64-debian-gcc | 0.10-0 | 62.09 | 94.58 | 156.67 | OK | |
r-devel-linux-x86_64-fedora-clang | 0.10-0 | 307.93 | OK | |||
r-devel-linux-x86_64-fedora-gcc | 0.10-0 | 294.90 | OK | |||
r-devel-windows-x86_64 | 0.10-0 | 83.00 | 136.00 | 219.00 | OK | |
r-patched-linux-x86_64 | 0.10-0 | 76.57 | 126.68 | 203.25 | OK | |
r-release-linux-x86_64 | 0.10-0 | 79.44 | 127.53 | 206.97 | OK | |
r-release-macos-arm64 | 0.10-0 | 62.00 | NOTE | |||
r-release-macos-x86_64 | 0.10-0 | 96.00 | NOTE | |||
r-release-windows-x86_64 | 0.10-0 | 83.00 | 144.00 | 227.00 | OK | |
r-oldrel-macos-arm64 | 0.10-0 | 79.00 | NOTE | |||
r-oldrel-macos-x86_64 | 0.10-0 | 156.00 | NOTE | |||
r-oldrel-windows-x86_64 | 0.10-0 | 102.00 | 179.00 | 281.00 | OK |
Version: 0.10-0
Check: installed package size
Result: NOTE
installed size is 7.9Mb
sub-directories of 1Mb or more:
libs 6.6Mb
Flavors: r-release-macos-arm64, r-release-macos-x86_64, r-oldrel-macos-arm64, r-oldrel-macos-x86_64