Last updated on 2024-06-16 09:56:02 CEST.
Flavor | Version | Tinstall | Tcheck | Ttotal | Status | Flags |
---|---|---|---|---|---|---|
r-devel-linux-x86_64-debian-clang | 2.5.0 | 24.26 | 374.77 | 399.03 | OK | |
r-devel-linux-x86_64-debian-gcc | 2.5.0 | 21.52 | 273.85 | 295.37 | OK | |
r-devel-linux-x86_64-fedora-clang | 2.5.0 | 519.27 | OK | |||
r-devel-linux-x86_64-fedora-gcc | 2.5.0 | 509.23 | OK | |||
r-devel-windows-x86_64 | 2.5.0 | 21.00 | 217.00 | 238.00 | OK | |
r-patched-linux-x86_64 | 2.5.0 | 36.55 | 376.00 | 412.55 | OK | |
r-release-linux-x86_64 | 2.5.0 | 21.81 | 372.66 | 394.47 | OK | |
r-release-macos-arm64 | 2.5.0 | 130.00 | OK | |||
r-release-macos-x86_64 | 2.5.0 | 122.00 | ERROR | |||
r-release-windows-x86_64 | 2.5.0 | 23.00 | 216.00 | 239.00 | OK | |
r-oldrel-macos-arm64 | 2.5.0 | 121.00 | OK | |||
r-oldrel-macos-x86_64 | 2.5.0 | 280.00 | OK | |||
r-oldrel-windows-x86_64 | 2.5.0 | 30.00 | 299.00 | 329.00 | OK |
Version: 2.5.0
Check: tests
Result: ERROR
Running ‘testthat.R’ [0s/0s]
Running the tests in ‘tests/testthat.R’ failed.
Complete output:
> library(testthat)
Error in library(testthat) : there is no package called 'testthat'
Execution halted
Flavor: r-release-macos-x86_64