Last updated on 2024-06-16 09:56:01 CEST.
Flavor | Version | Tinstall | Tcheck | Ttotal | Status | Flags |
---|---|---|---|---|---|---|
r-devel-linux-x86_64-debian-clang | 0.5.1 | 106.27 | 169.65 | 275.92 | OK | |
r-devel-linux-x86_64-debian-gcc | 0.5.1 | 71.10 | 128.61 | 199.71 | OK | |
r-devel-linux-x86_64-fedora-clang | 0.5.1 | 386.71 | NOTE | |||
r-devel-linux-x86_64-fedora-gcc | 0.5.1 | 389.80 | NOTE | |||
r-devel-windows-x86_64 | 0.5.1 | 88.00 | 176.00 | 264.00 | OK | |
r-patched-linux-x86_64 | 0.5.1 | 103.09 | 168.98 | 272.07 | OK | |
r-release-linux-x86_64 | 0.5.1 | 88.96 | 172.00 | 260.96 | OK | |
r-release-macos-arm64 | 0.5.1 | 87.00 | OK | |||
r-release-macos-x86_64 | 0.5.1 | 118.00 | OK | |||
r-release-windows-x86_64 | 0.5.1 | 86.00 | 179.00 | 265.00 | OK | |
r-oldrel-macos-arm64 | 0.5.1 | 83.00 | OK | |||
r-oldrel-macos-x86_64 | 0.5.1 | 211.00 | OK | |||
r-oldrel-windows-x86_64 | 0.5.1 | 112.00 | 217.00 | 329.00 | OK |
Version: 0.5.1
Check: data for non-ASCII characters
Result: NOTE
Note: found 438 marked UTF-8 strings
Flavors: r-devel-linux-x86_64-fedora-clang, r-devel-linux-x86_64-fedora-gcc