Last updated on 2024-06-16 09:56:01 CEST.
Flavor | Version | Tinstall | Tcheck | Ttotal | Status | Flags |
---|---|---|---|---|---|---|
r-devel-linux-x86_64-debian-clang | 1.0.6 | 597.60 | 234.75 | 832.35 | NOTE | |
r-devel-linux-x86_64-debian-gcc | 1.0.6 | 516.58 | 207.89 | 724.47 | NOTE | |
r-devel-linux-x86_64-fedora-clang | 1.0.6 | 1022.35 | NOTE | |||
r-devel-linux-x86_64-fedora-gcc | 1.0.6 | 1449.93 | NOTE | |||
r-devel-windows-x86_64 | 1.0.6 | 465.00 | 220.00 | 685.00 | NOTE | |
r-patched-linux-x86_64 | 1.0.6 | 538.10 | 272.25 | 810.35 | NOTE | |
r-release-linux-x86_64 | 1.0.6 | 0.02 | 2.82 | 2.84 | ERROR | |
r-release-macos-arm64 | 1.0.6 | 242.00 | NOTE | |||
r-release-macos-x86_64 | 1.0.6 | 256.00 | NOTE | |||
r-release-windows-x86_64 | 1.0.6 | 464.00 | 234.00 | 698.00 | NOTE | |
r-oldrel-macos-arm64 | 1.0.6 | 231.00 | NOTE | |||
r-oldrel-macos-x86_64 | 1.0.6 | 290.00 | NOTE | |||
r-oldrel-windows-x86_64 | 1.0.6 | 602.00 | 281.00 | 883.00 | NOTE |
Version: 1.0.6
Check: for GNU extensions in Makefiles
Result: NOTE
GNU make is a SystemRequirements.
Flavors: r-devel-linux-x86_64-debian-clang, r-devel-linux-x86_64-debian-gcc, r-devel-linux-x86_64-fedora-clang, r-devel-linux-x86_64-fedora-gcc, r-devel-windows-x86_64, r-patched-linux-x86_64, r-release-macos-arm64, r-release-macos-x86_64, r-release-windows-x86_64, r-oldrel-macos-arm64, r-oldrel-macos-x86_64, r-oldrel-windows-x86_64
Version: 1.0.6
Check: installed package size
Result: NOTE
installed size is 6.2Mb
sub-directories of 1Mb or more:
libs 4.9Mb
Flavors: r-devel-linux-x86_64-fedora-clang, r-devel-windows-x86_64, r-release-macos-arm64, r-release-macos-x86_64, r-release-windows-x86_64, r-oldrel-macos-arm64, r-oldrel-macos-x86_64, r-oldrel-windows-x86_64
Version: 1.0.6
Check: whether package can be installed
Result: ERROR
Installation failed.
Flavor: r-release-linux-x86_64