Last updated on 2024-06-16 09:56:00 CEST.
Flavor | Version | Tinstall | Tcheck | Ttotal | Status | Flags |
---|---|---|---|---|---|---|
r-devel-linux-x86_64-debian-clang | 0.0.2 | 300.53 | 249.89 | 550.42 | NOTE | |
r-devel-linux-x86_64-debian-gcc | 0.0.2 | 262.70 | 219.49 | 482.19 | NOTE | |
r-devel-linux-x86_64-fedora-clang | 0.0.2 | 696.99 | NOTE | |||
r-devel-linux-x86_64-fedora-gcc | 0.0.2 | 919.77 | NOTE | |||
r-devel-windows-x86_64 | 0.0.2 | 246.00 | 255.00 | 501.00 | NOTE | |
r-patched-linux-x86_64 | 0.0.2 | 236.76 | 291.91 | 528.67 | NOTE | |
r-release-linux-x86_64 | 0.0.2 | 239.54 | 293.96 | 533.50 | NOTE | |
r-release-macos-arm64 | 0.0.2 | 175.00 | NOTE | |||
r-release-macos-x86_64 | 0.0.2 | 293.00 | NOTE | |||
r-release-windows-x86_64 | 0.0.2 | 241.00 | 260.00 | 501.00 | NOTE | |
r-oldrel-macos-arm64 | 0.0.2 | 167.00 | NOTE | |||
r-oldrel-macos-x86_64 | 0.0.2 | 288.00 | NOTE | |||
r-oldrel-windows-x86_64 | 0.0.2 | 316.00 | 320.00 | 636.00 | NOTE |
Version: 0.0.2
Check: for GNU extensions in Makefiles
Result: NOTE
GNU make is a SystemRequirements.
Flavors: r-devel-linux-x86_64-debian-clang, r-devel-linux-x86_64-debian-gcc, r-devel-linux-x86_64-fedora-clang, r-devel-linux-x86_64-fedora-gcc, r-devel-windows-x86_64, r-patched-linux-x86_64, r-release-linux-x86_64, r-release-macos-arm64, r-release-macos-x86_64, r-release-windows-x86_64, r-oldrel-macos-arm64, r-oldrel-macos-x86_64, r-oldrel-windows-x86_64
Version: 0.0.2
Check: dependencies in R code
Result: NOTE
Namespace in Imports field not imported from: ‘rstantools’
All declared Imports should be used.
Flavors: r-devel-linux-x86_64-fedora-clang, r-devel-linux-x86_64-fedora-gcc
Version: 0.0.2
Check: installed package size
Result: NOTE
installed size is 54.6Mb
sub-directories of 1Mb or more:
libs 54.2Mb
Flavors: r-release-macos-arm64, r-release-macos-x86_64, r-oldrel-macos-arm64, r-oldrel-macos-x86_64