Last updated on 2024-06-15 11:50:01 CEST.
Flavor | Version | Tinstall | Tcheck | Ttotal | Status | Flags |
---|---|---|---|---|---|---|
r-devel-linux-x86_64-debian-clang | 0.3.1 | 55.62 | 46.28 | 101.90 | OK | |
r-devel-linux-x86_64-debian-gcc | 0.3.1 | 37.02 | 35.98 | 73.00 | OK | |
r-devel-linux-x86_64-fedora-clang | 0.3.1 | 151.11 | OK | |||
r-devel-linux-x86_64-fedora-gcc | 0.3.1 | 162.67 | OK | |||
r-devel-windows-x86_64 | 0.3.0 | 45.00 | 104.00 | 149.00 | NOTE | |
r-patched-linux-x86_64 | 0.3.0 | 43.40 | 45.89 | 89.29 | NOTE | |
r-release-linux-x86_64 | 0.3.0 | 45.84 | 44.71 | 90.55 | NOTE | |
r-release-macos-arm64 | 0.3.1 | 71.00 | OK | |||
r-release-macos-x86_64 | 0.3.1 | 156.00 | NOTE | |||
r-release-windows-x86_64 | 0.3.1 | 46.00 | 115.00 | 161.00 | OK | |
r-oldrel-macos-arm64 | 0.3.1 | 59.00 | OK | |||
r-oldrel-macos-x86_64 | 0.3.1 | 115.00 | NOTE | |||
r-oldrel-windows-x86_64 | 0.3.1 | 46.00 | 126.00 | 172.00 | OK |
Version: 0.3.0
Check: C++ specification
Result: NOTE
Specified C++11: please drop specification unless essential
Flavors: r-devel-windows-x86_64, r-patched-linux-x86_64, r-release-linux-x86_64
Version: 0.3.1
Check: installed package size
Result: NOTE
installed size is 5.1Mb
sub-directories of 1Mb or more:
libs 4.5Mb
Flavors: r-release-macos-x86_64, r-oldrel-macos-x86_64