Last updated on 2024-06-15 11:50:01 CEST.
Flavor | Version | Tinstall | Tcheck | Ttotal | Status | Flags |
---|---|---|---|---|---|---|
r-devel-linux-x86_64-debian-clang | 1.1 | 34.31 | 36.11 | 70.42 | NOTE | |
r-devel-linux-x86_64-debian-gcc | 1.1 | 23.69 | 26.80 | 50.49 | NOTE | |
r-devel-linux-x86_64-fedora-clang | 1.1 | 97.72 | NOTE | |||
r-devel-linux-x86_64-fedora-gcc | 1.1 | 94.38 | NOTE | |||
r-devel-windows-x86_64 | 1.1 | 28.00 | 66.00 | 94.00 | NOTE | |
r-patched-linux-x86_64 | 1.1 | 29.04 | 33.72 | 62.76 | NOTE | |
r-release-linux-x86_64 | 1.1 | 27.87 | 34.69 | 62.56 | NOTE | |
r-release-macos-arm64 | 1.1 | 25.00 | NOTE | |||
r-release-macos-x86_64 | 1.1 | 35.00 | NOTE | |||
r-release-windows-x86_64 | 1.1 | 28.00 | 73.00 | 101.00 | NOTE | |
r-oldrel-macos-arm64 | 1.1 | 27.00 | NOTE | |||
r-oldrel-macos-x86_64 | 1.1 | 44.00 | NOTE | |||
r-oldrel-windows-x86_64 | 1.1 | 32.00 | 79.00 | 111.00 | NOTE |
Version: 1.1
Check: C++ specification
Result: NOTE
Specified C++11: please drop specification unless essential
Flavors: r-devel-linux-x86_64-debian-clang, r-devel-linux-x86_64-debian-gcc, r-devel-linux-x86_64-fedora-clang, r-devel-linux-x86_64-fedora-gcc, r-devel-windows-x86_64, r-patched-linux-x86_64, r-release-linux-x86_64, r-release-macos-arm64, r-release-macos-x86_64, r-release-windows-x86_64, r-oldrel-macos-arm64, r-oldrel-macos-x86_64, r-oldrel-windows-x86_64