Last updated on 2024-06-16 09:56:18 CEST.
Flavor | Version | Tinstall | Tcheck | Ttotal | Status | Flags |
---|---|---|---|---|---|---|
r-devel-linux-x86_64-debian-clang | 2.0.0 | 7.85 | 69.74 | 77.59 | NOTE | |
r-devel-linux-x86_64-debian-gcc | 2.0.0 | 6.09 | 52.37 | 58.46 | NOTE | |
r-devel-linux-x86_64-fedora-clang | 2.0.0 | 95.02 | NOTE | |||
r-devel-linux-x86_64-fedora-gcc | 2.0.0 | 92.11 | NOTE | |||
r-devel-windows-x86_64 | 2.0.0 | 7.00 | 69.00 | 76.00 | NOTE | |
r-patched-linux-x86_64 | 2.0.0 | 6.49 | 66.21 | 72.70 | NOTE | |
r-release-linux-x86_64 | 2.0.0 | 6.72 | 66.77 | 73.49 | NOTE | |
r-release-macos-arm64 | 2.0.0 | 29.00 | NOTE | |||
r-release-macos-x86_64 | 2.0.0 | 43.00 | NOTE | |||
r-release-windows-x86_64 | 2.0.0 | 7.00 | 151.00 | 158.00 | NOTE | |
r-oldrel-macos-arm64 | 2.0.0 | 30.00 | NOTE | |||
r-oldrel-macos-x86_64 | 2.0.0 | 53.00 | NOTE | |||
r-oldrel-windows-x86_64 | 2.0.0 | 9.00 | 81.00 | 90.00 | NOTE |
Version: 2.0.0
Check: Rd files
Result: NOTE
checkRd: (-1) TempDisaggDGP.Rd:79: Escaped LaTeX specials: \&
checkRd: (-1) disaggregate.Rd:56: Escaped LaTeX specials: \&
Flavors: r-devel-linux-x86_64-debian-clang, r-devel-linux-x86_64-debian-gcc, r-devel-linux-x86_64-fedora-clang, r-devel-linux-x86_64-fedora-gcc, r-devel-windows-x86_64, r-patched-linux-x86_64, r-release-linux-x86_64, r-release-macos-arm64, r-release-macos-x86_64, r-release-windows-x86_64, r-oldrel-macos-arm64, r-oldrel-macos-x86_64, r-oldrel-windows-x86_64