Last updated on 2024-06-04 10:55:55 CEST.
Flavor | Version | Tinstall | Tcheck | Ttotal | Status | Flags |
---|---|---|---|---|---|---|
r-devel-linux-x86_64-debian-clang | 2.2 | 3.55 | 39.49 | 43.04 | OK | |
r-devel-linux-x86_64-debian-gcc | 2.2 | 2.78 | 30.36 | 33.14 | OK | |
r-devel-linux-x86_64-fedora-clang | 2.2 | 57.29 | NOTE | |||
r-devel-linux-x86_64-fedora-gcc | 2.2 | 50.82 | NOTE | |||
r-devel-windows-x86_64 | 2.2 | 5.00 | 50.00 | 55.00 | OK | |
r-patched-linux-x86_64 | 2.2 | 3.40 | 38.06 | 41.46 | OK | |
r-release-linux-x86_64 | 2.2 | 3.94 | 38.33 | 42.27 | OK | |
r-release-macos-arm64 | 2.2 | 19.00 | OK | |||
r-release-macos-x86_64 | 2.2 | 54.00 | OK | |||
r-release-windows-x86_64 | 2.2 | 4.00 | 50.00 | 54.00 | OK | |
r-oldrel-macos-arm64 | 2.2 | 32.00 | OK | |||
r-oldrel-macos-x86_64 | 2.2 | 51.00 | OK | |||
r-oldrel-windows-x86_64 | 2.2 | 5.00 | 56.00 | 61.00 | OK |
Version: 2.2
Check: data for non-ASCII characters
Result: NOTE
Note: found 5 marked Latin-1 strings
Flavors: r-devel-linux-x86_64-fedora-clang, r-devel-linux-x86_64-fedora-gcc