Last updated on 2024-06-16 09:56:14 CEST.
Flavor | Version | Tinstall | Tcheck | Ttotal | Status | Flags |
---|---|---|---|---|---|---|
r-devel-linux-x86_64-debian-clang | 3.1.0 | 139.79 | 224.18 | 363.97 | OK | |
r-devel-linux-x86_64-debian-gcc | 3.1.0 | 86.78 | 167.81 | 254.59 | OK | |
r-devel-linux-x86_64-fedora-clang | 3.1.0 | 494.71 | NOTE | |||
r-devel-linux-x86_64-fedora-gcc | 3.1.0 | 473.86 | NOTE | |||
r-devel-windows-x86_64 | 3.1.0 | 104.00 | 198.00 | 302.00 | OK | |
r-patched-linux-x86_64 | 3.1.0 | 107.00 | 219.20 | 326.20 | OK | |
r-release-linux-x86_64 | 3.1.0 | 118.00 | 218.51 | 336.51 | OK | |
r-release-macos-arm64 | 3.1.0 | 113.00 | NOTE | |||
r-release-macos-x86_64 | 3.1.0 | 166.00 | NOTE | |||
r-release-windows-x86_64 | 3.1.0 | 106.00 | 197.00 | 303.00 | OK | |
r-oldrel-macos-arm64 | 3.1.0 | 105.00 | NOTE | |||
r-oldrel-macos-x86_64 | 3.1.0 | 194.00 | NOTE | |||
r-oldrel-windows-x86_64 | 3.1.0 | 130.00 | 249.00 | 379.00 | OK |
Version: 3.1.0
Check: data for non-ASCII characters
Result: NOTE
Note: found 1 marked UTF-8 string
Flavors: r-devel-linux-x86_64-fedora-clang, r-devel-linux-x86_64-fedora-gcc
Version: 3.1.0
Check: installed package size
Result: NOTE
installed size is 7.6Mb
sub-directories of 1Mb or more:
libs 6.8Mb
Flavors: r-release-macos-arm64, r-release-macos-x86_64, r-oldrel-macos-arm64, r-oldrel-macos-x86_64