Last updated on 2024-06-16 09:56:10 CEST.
Flavor | Version | Tinstall | Tcheck | Ttotal | Status | Flags |
---|---|---|---|---|---|---|
r-devel-linux-x86_64-debian-clang | 0.2.4 | 14.83 | 161.50 | 176.33 | OK | |
r-devel-linux-x86_64-debian-gcc | 0.2.4 | 13.94 | 117.09 | 131.03 | OK | |
r-devel-linux-x86_64-fedora-clang | 0.2.4 | 219.82 | NOTE | |||
r-devel-linux-x86_64-fedora-gcc | 0.2.4 | 203.24 | NOTE | |||
r-devel-windows-x86_64 | 0.2.4 | 14.00 | 132.00 | 146.00 | OK | |
r-patched-linux-x86_64 | 0.2.4 | 10.77 | 152.12 | 162.89 | OK | |
r-release-linux-x86_64 | 0.2.4 | 10.00 | 151.54 | 161.54 | OK | |
r-release-macos-arm64 | 0.2.4 | 58.00 | OK | |||
r-release-macos-x86_64 | 0.2.4 | 85.00 | OK | |||
r-release-windows-x86_64 | 0.2.4 | 13.00 | 132.00 | 145.00 | OK | |
r-oldrel-macos-arm64 | 0.2.4 | 66.00 | OK | |||
r-oldrel-macos-x86_64 | 0.2.4 | 116.00 | OK | |||
r-oldrel-windows-x86_64 | 0.2.4 | 17.00 | 162.00 | 179.00 | OK |
Version: 0.2.4
Check: dependencies in R code
Result: NOTE
Namespaces in Imports field not imported from:
‘Matrix’ ‘e1071’ ‘glmnet’
All declared Imports should be used.
Flavors: r-devel-linux-x86_64-fedora-clang, r-devel-linux-x86_64-fedora-gcc