Last updated on 2024-06-16 09:56:06 CEST.
Flavor | Version | Tinstall | Tcheck | Ttotal | Status | Flags |
---|---|---|---|---|---|---|
r-devel-linux-x86_64-debian-clang | 0.3.4 | 20.42 | 99.54 | 119.96 | OK | |
r-devel-linux-x86_64-debian-gcc | 0.3.4 | 16.50 | 74.65 | 91.15 | OK | |
r-devel-linux-x86_64-fedora-clang | 0.3.4 | 155.41 | NOTE | |||
r-devel-linux-x86_64-fedora-gcc | 0.3.4 | 151.37 | OK | |||
r-devel-windows-x86_64 | 0.3.4 | 16.00 | 88.00 | 104.00 | OK | |
r-patched-linux-x86_64 | 0.3.4 | 12.53 | 94.62 | 107.15 | OK | |
r-release-linux-x86_64 | 0.3.4 | 17.97 | 95.72 | 113.69 | OK | |
r-release-macos-arm64 | 0.3.4 | 42.00 | OK | |||
r-release-macos-x86_64 | 0.3.4 | 67.00 | OK | |||
r-release-windows-x86_64 | 0.3.4 | 16.00 | 87.00 | 103.00 | OK | |
r-oldrel-macos-arm64 | 0.3.4 | 47.00 | OK | |||
r-oldrel-macos-x86_64 | 0.3.4 | 76.00 | OK | |||
r-oldrel-windows-x86_64 | 0.3.4 | 23.00 | 104.00 | 127.00 | OK |
Version: 0.3.4
Check: package dependencies
Result: NOTE
Imports includes 31 non-default packages.
Importing from so many packages makes the package vulnerable to any of
them becoming unavailable. Move as many as possible to Suggests and
use conditionally.
Flavor: r-devel-linux-x86_64-fedora-clang